{"id":77,"date":"2013-11-20T14:18:07","date_gmt":"2013-11-20T13:18:07","guid":{"rendered":"https:\/\/www.egce.universite-paris-saclay.fr\/?page_id=77"},"modified":"2013-11-20T14:18:07","modified_gmt":"2013-11-20T13:18:07","slug":"elegem","status":"publish","type":"page","link":"https:\/\/www.egce.universite-paris-saclay.fr\/?page_id=77","title":{"rendered":"ELEGEM"},"content":{"rendered":"<h2 class=\"date-header\">Equipe \u00c9l\u00e9ments G\u00e9n\u00e9tiques Mobiles<\/h2>\n<fieldset class=\"module-powered-simple\">\n<legend><\/legend>\n<p>Nos th\u00e9matiques de recherche s&rsquo;inscrivent dans le cadre de l&rsquo;\u00e9volution du g\u00e9nome et les interactions qui s&rsquo;y d\u00e9veloppent. Elles se concentrent principalement sur l&rsquo;\u00e9tude des s\u00e9quences g\u00e9n\u00e9tiques mobiles, et notamment des <span style=\"color: #00ccff;\"><a href=\"https:\/\/www.egce.universite-paris-saclay.fr\/?p=6037><span style=\"color: #00ccff;\">\u00e9l\u00e9ments transposables (ET)<\/span><\/a><\/span>, leur dynamique et leur impact dans les g\u00e9nomes et les populations. Les principaux th\u00e8mes abord\u00e9s sont :<\/p>\n<p>&#8211; <span style=\"font-weight: bold;\">l&rsquo;\u00e9volution des \u00e9l\u00e9ments mobiles<\/span>, incluant l&rsquo;analyse de leur diversit\u00e9, l&rsquo;identification des facteurs (g\u00e9nomiques ou externes) influen\u00e7ant leur activit\u00e9 (niveau d&rsquo;expression et niveau de transposition), l&rsquo;\u00e9volution de la structure g\u00e9n\u00e9rale des \u00e9l\u00e9ments transposables (et de leur proteines), la classification des \u00e9l\u00e9ments.<\/p>\n<p>&#8211; <span style=\"font-weight: bold;\">L&rsquo;impact des \u00e9l\u00e9ments transposables sur les g\u00e9nomes<\/span>, et en particulier, le r\u00f4le de ET dans les transferts lateraux de g\u00e8nes, la dynamique d&rsquo;invasion des g\u00e9nomes et des populations par un \u00e9l\u00e9ment transposable suite \u00e0 un transfert horizontal (ou une migration), les interactions entre \u00e9l\u00e9ments autonomes et non autonomes.<\/p>\n<p>&#8211; <span style=\"font-weight: bold;\">L&rsquo;\u00e9volution des g\u00e9nomes et des syst\u00e8mes biologiques<\/span> : les interactions entre g\u00e8nes vont d\u00e9terminer les caract\u00e8res. La s\u00e9lection ph\u00e9notypique va agir sur les g\u00e9nomes. Par des approches exp\u00e9rimentales et th\u00e9oriques, nous cherchons \u00e0 comprendre comment des syst\u00e8mes biologiques complexes se sont mis en place, fonctionnent et \u00e9voluent.<\/p>\n<p>Les approches utilis\u00e9es sont principalement mol\u00e9culaires et bioinformatiques. L&rsquo;approche biologique utilise comme mod\u00e8le la drosophile (<span style=\"font-style: italic;\">Drosophila melanogaster<\/span> ou <span style=\"font-style: italic;\">D. simulans<\/span>), et l&rsquo;\u00e9l\u00e9ment transposable <span style=\"font-style: italic;\">mariner<\/span>. Les approches bioinformatiques nous permettent de d\u00e9velopper les outils n\u00e9cessaires \u00e0 l&rsquo;analyse des g\u00e9nomes, aux simulations de populations<\/p>\n<p><span style=\"font-weight: bold;\">Mots cl\u00e9s : <\/span>El\u00e9ments transposables, transposons ADN <span style=\"font-style: italic;\">mariner<\/span>, <span style=\"font-style: italic;\">Drosophila melanogaster<\/span>, <span style=\"font-style: italic;\">Drosophila simulans<\/span>, g\u00e9nomique, dynamique \u00e9volutive, \u00e9volution mol\u00e9culaire<\/fieldset>\n<p>&nbsp;<\/p>\n<h3 class=\"date-header\"><span style=\"color: #ff0000;\"><a href=\"https:\/\/www.egce.universite-paris-saclay.fr\/?p=3545\"><span style=\"color: #ff0000;\">Propositions de stage dans l&rsquo;\u00e9quipe<\/span><\/a><\/span><\/h3>\n<p>&nbsp;<\/p>\n<h2 class=\"date-header\">Les membres de l&rsquo;\u00e9quipe<\/h2>\n<h3 class=\"date-header\"><span style=\"color: #00ccff;\">Chercheurs et Enseignants-chercheurs<\/span><\/h3>\n<table>\n<tbody>\n<tr>\n<td><a href=\"https:\/\/www.egce.universite-paris-saclay.fr\/wp-content\/uploads\/2013\/11\/Aurelie-carre.png\"><img loading=\"lazy\" decoding=\"async\" class=\"alignnone size-thumbnail wp-image-3565\" src=\"https:\/\/www.egce.universite-paris-saclay.fr\/wp-content\/uploads\/2013\/11\/Aurelie-carre-150x150.png\" alt=\"Aurelie-carre\" width=\"150\" height=\"150\" \/><\/a><\/td>\n<td style=\"vertical-align: top;\">\n<h4><strong><a href=\"https:\/\/www.egce.universite-paris-saclay.fr\/?p=746\">Aur\u00e9lie Hua-Van<\/a><br \/>\nResponsable d&rsquo;\u00e9quipe<\/strong><\/h4>\n<p><strong> Ma\u00eetre de conf\u00e9rences \u00e0 l&rsquo;Universit\u00e9 Paris-Sud 11 (Orsay)<\/strong><br \/>\nEvolution mol\u00e9culaire et dynamique \u00e9volutive des \u00e9l\u00e9ments transposables dans les g\u00e9nomes<br \/>\nR\u00e9gulation de l&rsquo;\u00e9l\u00e9ment transposable mariner chez les drosophiles<\/td>\n<\/tr>\n<tr>\n<td><a href=\"https:\/\/www.egce.universite-paris-saclay.fr\/wp-content\/uploads\/2013\/12\/capy1.jpg\"><img loading=\"lazy\" decoding=\"async\" class=\"alignnone wp-image-1611\" src=\"https:\/\/www.egce.universite-paris-saclay.fr\/wp-content\/uploads\/2013\/12\/capy1.jpg\" alt=\"capy[1]\" width=\"156\" height=\"163\" \/><\/a><\/td>\n<td style=\"vertical-align: top;\">\n<h4><strong><a href=\"\/?p=395\">Pierre Capy<\/a><br \/>\nDirecteur du laboratoire <\/strong><\/h4>\n<p><strong>Professeur \u00e0 l&rsquo;Universit\u00e9 Paris-Sud (Orsay)<\/strong>;<br \/>\nEl\u00e9ment transposable <span style=\"font-style: italic;\">mariner<\/span>.<br \/>\nEvolution de la structure des ETs.<br \/>\nDynamique d&rsquo;invasion et maintien sur le long terme des ETs.<\/td>\n<\/tr>\n<tr>\n<td><a href=\"https:\/\/www.egce.universite-paris-saclay.fr\/wp-content\/uploads\/2014\/01\/david.jpg\"><img loading=\"lazy\" decoding=\"async\" class=\"alignnone size-full wp-image-424\" src=\"https:\/\/www.egce.universite-paris-saclay.fr\/wp-content\/uploads\/2014\/01\/david.jpg\" alt=\"david\" width=\"100\" height=\"121\" \/><\/a><\/td>\n<td style=\"vertical-align: top;\">\n<h4><strong><a href=\"https:\/\/www.egce.universite-paris-saclay.fr\/?p=718\">Jean David<\/a><\/strong><\/h4>\n<p><strong>Directeur de Recherche \u00e9m\u00e9rite du CNRS.Plasticit\u00e9 ph\u00e9notypique<\/strong><br \/>\nTol\u00e9rance \u00e0 la temp\u00e9rature<\/td>\n<\/tr>\n<tr>\n<td><a href=\"https:\/\/www.egce.universite-paris-saclay.fr\/wp-content\/uploads\/2014\/02\/filee.jpg\"><img loading=\"lazy\" decoding=\"async\" class=\"alignnone wp-image-1458\" src=\"https:\/\/www.egce.universite-paris-saclay.fr\/wp-content\/uploads\/2014\/02\/filee-269x300.jpg\" alt=\"filee\" width=\"145\" height=\"161\" \/><\/a><\/td>\n<td style=\"vertical-align: top;\">\n<h4><strong><a href=\"https:\/\/www.egce.universite-paris-saclay.fr\/?p=729\">Jonathan Fil\u00e9e<\/a><\/strong><\/h4>\n<p><strong>Charg\u00e9 de recherche CNRS.<br \/>\n<\/strong> G\u00e9nomique \u00e9volutive des virus et transposons<strong><br \/>\n<\/strong><\/td>\n<\/tr>\n<tr>\n<td><a href=\"https:\/\/www.egce.universite-paris-saclay.fr\/wp-content\/uploads\/2014\/01\/lerouzic.jpg\"><img loading=\"lazy\" decoding=\"async\" class=\"alignnone size-full wp-image-501\" src=\"https:\/\/www.egce.universite-paris-saclay.fr\/wp-content\/uploads\/2014\/01\/lerouzic.jpg\" alt=\"lerouzic\" width=\"130\" height=\"170\" \/><\/a><\/td>\n<td style=\"vertical-align: top;\">\n<h4><strong><a href=\"https:\/\/www.egce.universite-paris-saclay.fr\/?p=757\">Arnaud Le Rouzic<\/a><\/strong><\/h4>\n<p><strong>Charg\u00e9 de recherche CNRS<\/strong><br \/>\nApproches theoriques de l&rsquo;\u00e9volution des syst\u00e8mes h\u00e9r\u00e9ditaires et de leur evolvabilit\u00e9.<\/td>\n<\/tr>\n<tr>\n<td><a href=\"https:\/\/www.egce.universite-paris-saclay.fr\/wp-content\/uploads\/2014\/07\/Sans-titrep.jpg\"><img loading=\"lazy\" decoding=\"async\" class=\"alignnone size-thumbnail wp-image-3473\" src=\"https:\/\/www.egce.universite-paris-saclay.fr\/wp-content\/uploads\/2014\/07\/Sans-titrep-150x150.jpg\" alt=\"Jean-Michel ossignol\" width=\"150\" height=\"150\" \/><\/a><\/td>\n<td style=\"vertical-align: top;\">\n<h4><strong><a href=\"https:\/\/www.egce.universite-paris-saclay.fr\/?p=802\">Jean-Michel Rossignol<\/a><\/strong><\/h4>\n<p><strong>Professeur Em\u00e9rite de l&rsquo;Universit\u00e9 Paris-Sud.<\/strong><\/td>\n<\/tr>\n<tr>\n<td><img decoding=\"async\" title=\"\" src=\"https:\/\/w3.legs.cnrs-gif.fr\/interne\/trombinoscope\/photos\/rouault.jpg\" alt=\"\" height=\"120\" \/><\/td>\n<td style=\"vertical-align: top;\">\n<h4><strong><a href=\"https:\/\/www.egce.universite-paris-saclay.fr\/?p=804\">Jacques-Deric Rouault<\/a><\/strong><\/h4>\n<p><strong>Charg\u00e9 de recherche CNRS.<\/strong><br \/>\nMod\u00e9lisation, Validation, Scilab.<br \/>\nClassification des \u00e9l\u00e9ments transposables <span style=\"font-style: italic;\">mariner<\/span><\/td>\n<\/tr>\n<\/tbody>\n<\/table>\n<h3 class=\"date-header\"><span style=\"color: #00ccff;\">Ing\u00e9nieurs et Techniciens<\/span><\/h3>\n<table>\n<tbody>\n<tr>\n<td><a href=\"https:\/\/www.egce.universite-paris-saclay.fr\/wp-content\/uploads\/2014\/05\/ident2carre.jpg\"><img loading=\"lazy\" decoding=\"async\" class=\"alignnone size-thumbnail wp-image-2759\" src=\"https:\/\/www.egce.universite-paris-saclay.fr\/wp-content\/uploads\/2014\/05\/ident2carre-150x150.jpg\" alt=\"clavereau2\" width=\"150\" height=\"150\" srcset=\"https:\/\/www.egce.universite-paris-saclay.fr\/wp-content\/uploads\/2014\/05\/ident2carre-150x150.jpg 150w, https:\/\/www.egce.universite-paris-saclay.fr\/wp-content\/uploads\/2014\/05\/ident2carre-300x300.jpg 300w, https:\/\/www.egce.universite-paris-saclay.fr\/wp-content\/uploads\/2014\/05\/ident2carre.jpg 500w\" sizes=\"auto, (max-width: 150px) 100vw, 150px\" \/><\/a><\/td>\n<td style=\"vertical-align: top;\">\n<h4><strong><a href=\"https:\/\/www.egce.universite-paris-saclay.fr\/?p=708\">Isabelle Clavereau<\/a><\/strong><\/h4>\n<p><strong>Technicienne CNRS.<\/strong><br \/>\nR\u00e9gulation de l&rsquo;expression des \u00e9l\u00e9ments transposables dans les populations naturelles de <em>Drosophila simulans<\/em>.<\/td>\n<\/tr>\n<tr>\n<td><a href=\"https:\/\/www.egce.universite-paris-saclay.fr\/wp-content\/uploads\/2014\/04\/ELEGEM_Robillard.jpg\"><img loading=\"lazy\" decoding=\"async\" class=\"alignnone wp-image-2205\" src=\"https:\/\/www.egce.universite-paris-saclay.fr\/wp-content\/uploads\/2014\/04\/ELEGEM_Robillard-226x300.jpg\" alt=\"ELEGEM_Robillard\" width=\"136\" height=\"181\" srcset=\"https:\/\/www.egce.universite-paris-saclay.fr\/wp-content\/uploads\/2014\/04\/ELEGEM_Robillard-226x300.jpg 226w, https:\/\/www.egce.universite-paris-saclay.fr\/wp-content\/uploads\/2014\/04\/ELEGEM_Robillard-773x1024.jpg 773w, https:\/\/www.egce.universite-paris-saclay.fr\/wp-content\/uploads\/2014\/04\/ELEGEM_Robillard-768x1017.jpg 768w, https:\/\/www.egce.universite-paris-saclay.fr\/wp-content\/uploads\/2014\/04\/ELEGEM_Robillard-1159x1536.jpg 1159w, https:\/\/www.egce.universite-paris-saclay.fr\/wp-content\/uploads\/2014\/04\/ELEGEM_Robillard.jpg 1404w\" sizes=\"auto, (max-width: 136px) 100vw, 136px\" \/><\/a><\/td>\n<td style=\"vertical-align: top;\">\n<h4><strong><a href=\"https:\/\/www.egce.universite-paris-saclay.fr\/?p=800\">Emilie Robillard<\/a><\/strong><\/h4>\n<p><strong>Technicienne CNRS<\/strong><br \/>\nActivit\u00e9 et r\u00e9gulation de l&rsquo;\u00e9l\u00e9ment transposable <span style=\"font-style: italic;\">mariner<\/span> dans <span style=\"font-style: italic;\">Drosophila melanogaster.<\/span><br \/>\nDynamique d&rsquo;invasion dans les populations de <span style=\"font-style: italic;\">Drosophila melanogaster<\/span> de l&rsquo;\u00e9l\u00e9ment transposable <span style=\"font-style: italic;\">mariner<\/span>.<br \/>\nComp\u00e9tition entre copies.<\/td>\n<\/tr>\n<\/tbody>\n<\/table>\n<h3 class=\"date-header\"><span style=\"color: #00ccff;\">\u00c9tudiants<\/span><\/h3>\n<table>\n<tbody>\n<tr>\n<td><img decoding=\"async\" title=\"\" src=\"https:\/\/www.egce.universite-paris-saclay.fr\/legs\/Trombinoscope\/saint-leandre.jpg\" alt=\"\" height=\"120\" \/><\/td>\n<td style=\"vertical-align: top;\">\n<h4><strong><a href=\"https:\/\/www.egce.universite-paris-saclay.fr\/?p=930\">Bastien Saint-Leandre<\/a><\/strong><\/h4>\n<p><strong>Doctorant de l&rsquo;Ecole Doctorale \u00ab\u00a0G\u00e8nes, G\u00e9nomes, Cellules\u00a0\u00bb (Universit\u00e9 Paris-Sud)<\/strong><br \/>\nR\u00e9gulation de l&rsquo;\u00e9l\u00e9ment mariner chez les drosophiles.<\/td>\n<\/tr>\n<tr>\n<td><img decoding=\"async\" title=\"\" src=\"https:\/\/www.egce.universite-paris-saclay.fr\/legs\/Trombinoscope\/wallau.jpg\" alt=\"\" height=\"120\" \/><\/td>\n<td style=\"vertical-align: top;\">\n<h4><strong><a href=\"https:\/\/www.egce.universite-paris-saclay.fr\/perso.php?id=wallau\">Gabriel Da Luz Wallau<\/a><\/strong><\/h4>\n<p><strong>Doctorant de l&rsquo;Universit\u00e9 F\u00e9d\u00e9rale de Santa Maria &#8211; BRESIL<\/strong><br \/>\nEvolution des \u00e9l\u00e9ments mariner dans les genomes s\u00e9quenc\u00e9s de drosophiles.<\/td>\n<\/tr>\n<tr>\n<td><a href=\"https:\/\/www.egce.universite-paris-saclay.fr\/wp-content\/uploads\/2013\/11\/photo-estelle.jpg\"><img loading=\"lazy\" decoding=\"async\" class=\"alignnone size-thumbnail wp-image-3558\" src=\"https:\/\/www.egce.universite-paris-saclay.fr\/wp-content\/uploads\/2013\/11\/photo-estelle-150x150.jpg\" alt=\"photo estelle\" width=\"150\" height=\"150\" \/><\/a><\/td>\n<td style=\"vertical-align: top;\">\n<h4><strong><a href=\"https:\/\/www.egce.universite-paris-saclay.fr\/?p=2568\">Estelle R\u00fcnneburger<\/a><\/strong><\/h4>\n<p><strong>Doctorante de l&rsquo;Ecole Doctorale \u00ab\u00a0G\u00e8nes, G\u00e9nomes, Cellules\u00a0\u00bb (Universit\u00e9 Paris-Sud)<\/strong><br \/>\nEvolution des r\u00e9seaux de g\u00e8nes. Causes et cons\u00e9quences de l&rsquo;\u00e9volution du ph\u00e9notype.<\/td>\n<\/tr>\n<\/tbody>\n<\/table>\n<h3 class=\"date-header\"><span style=\"color: #00ccff;\">Anciens \u00c9tudiants<\/span><\/h3>\n<table>\n<tbody>\n<tr>\n<td><img decoding=\"async\" title=\"\" src=\"https:\/\/w3\/legs\/Trombinoscope\/boutin.jpg\" alt=\"\" height=\"120\" border=\"2\" \/><\/td>\n<td style=\"vertical-align: top;\">\n<h4><strong><a href=\"https:\/\/www.egce.universite-paris-saclay.fr\/perso.php?id=boutin\">Thibaud Boutin<\/a><\/strong><\/h4>\n<p><strong>Doctorant de l&rsquo;Ecole Doctorale \u00ab\u00a0G\u00e8nes, G\u00e9nomes, Cellules\u00a0\u00bb (Universit\u00e9 Paris-Sud)<\/strong><br \/>\nDynamique d&rsquo;invasion et maintien sur le long terme des ETs.<br \/>\nTh\u00e8se soutenue le 16 septembre 2010<\/td>\n<\/tr>\n<tr>\n<td><img decoding=\"async\" title=\"\" src=\"https:\/\/w3\/legs\/Trombinoscope\/picot.jpg\" alt=\"\" height=\"120\" border=\"2\" \/><\/td>\n<td style=\"vertical-align: top;\">\n<h4><strong><a href=\"https:\/\/w3\/legs\/perso.php?id=picot\">Sophie Picot<\/a><\/strong><\/h4>\n<p><strong>Doctorante de l&rsquo;\u00e9cole doctorale, \u00ab\u00a0G\u00e8nes, G\u00e9nomes, Cellules\u00a0\u00bb (Universit\u00e9 Paris-Sud)<\/strong><br \/>\nActivity of the transposable element <span style=\"font-style: italic;\">mariner<\/span> in natural populations of <i>Drosophila simulans <\/i><br \/>\nTh\u00e8se soutenue en 2008<\/td>\n<\/tr>\n<\/tbody>\n<\/table>\n<p><a name=\"TE\"><\/a><\/p>\n<h2 class=\"date-header\">Qu&rsquo;est ce qu&rsquo;un \u00e9l\u00e9ment transposable ?<\/h2>\n<p>Les \u00e9l\u00e9ments transposables sont des entit\u00e9s g\u00e9n\u00e9tiques souvent consid\u00e9r\u00e9es comme des parasites g\u00e9nomiques, du fait qu\u2019ils peuvent se r\u00e9pliquer plus rapidement que le g\u00e9nome qui les porte. La transposition de nouvelles copies d\u2019\u00e9l\u00e9ments transposables dans de nouveaux sites g\u00e9nomiques, ou la recombinaison ectopique entre copies, peut avoir des effets d\u00e9l\u00e9t\u00e8res \u00e9vidents sur le fonctionnement du g\u00e9nome et des g\u00e8nes. Les \u00e9l\u00e9ments transposables restent n\u00e9anmoins une force \u00e9volutive majeure, en augmentant la diversit\u00e9 g\u00e9n\u00e9tique, favorisant ainsi l\u2019adaptabilit\u00e9 des g\u00e9nomes.<\/p>\n<p>Comme tous les g\u00e8nes classiques, les \u00e9l\u00e9ments transposables sont soumis \u00e0 des r\u00e9gulations diverses qui vont limiter le nombre de copies dans le g\u00e9nome et dans les populations, et contrebalancer ainsi l\u2019augmentation du nombre de copies li\u00e9e \u00e0 la transposition. De plus, le nombre de copies est lui-m\u00eame soumis \u00e0 s\u00e9lection, d\u00e8s lors que le fardeau g\u00e9n\u00e9tique devient trop lourd.<\/p>\n<p>Comme tous les g\u00e8nes classiques, les s\u00e9quences des \u00e9l\u00e9ments transposables \u00e9voluent. Toutefois, la s\u00e9lection purifiante pour conserver une prot\u00e9ine fonctionnelle est moins forte, la transposition d\u2019une copie pouvant \u00eatre r\u00e9alis\u00e9e gr\u00e2ce aux enzymes fabriqu\u00e9es \u00e0 partir d\u2019une autre copie (transposition <i>en trans<\/i>). Ainsi, de nombreuses copies inactives ou d\u00e9l\u00e9t\u00e9es peuvent s\u2019accumuler, et m\u00eame s\u2019amplifier. Il en r\u00e9sulte ainsi une comp\u00e9tition entre copies d\u2019un m\u00eame \u00e9l\u00e9ment, qui s\u2019ajoute \u00e0 la comp\u00e9tition entre familles diff\u00e9rentes dans un m\u00eame g\u00e9nome.<\/p>\n","protected":false},"excerpt":{"rendered":"<p>Equipe \u00c9l\u00e9ments G\u00e9n\u00e9tiques Mobiles Nos th\u00e9matiques de recherche s&rsquo;inscrivent dans le cadre de l&rsquo;\u00e9volution du g\u00e9nome et les interactions qui s&rsquo;y d\u00e9veloppent. Elles se concentrent principalement sur l&rsquo;\u00e9tude des s\u00e9quences g\u00e9n\u00e9tiques mobiles, et notamment des<\/p>\n","protected":false},"author":1,"featured_media":0,"parent":65,"menu_order":0,"comment_status":"closed","ping_status":"open","template":"","meta":{"site-sidebar-layout":"default","site-content-layout":"","ast-site-content-layout":"default","site-content-style":"default","site-sidebar-style":"default","ast-global-header-display":"","ast-banner-title-visibility":"","ast-main-header-display":"","ast-hfb-above-header-display":"","ast-hfb-below-header-display":"","ast-hfb-mobile-header-display":"","site-post-title":"","ast-breadcrumbs-content":"","ast-featured-img":"","footer-sml-layout":"","ast-disable-related-posts":"","theme-transparent-header-meta":"","adv-header-id-meta":"","stick-header-meta":"","header-above-stick-meta":"","header-main-stick-meta":"","header-below-stick-meta":"","astra-migrate-meta-layouts":"default","ast-page-background-enabled":"default","ast-page-background-meta":{"desktop":{"background-color":"var(--ast-global-color-4)","background-image":"","background-repeat":"repeat","background-position":"center center","background-size":"auto","background-attachment":"scroll","background-type":"","background-media":"","overlay-type":"","overlay-color":"","overlay-opacity":"","overlay-gradient":""},"tablet":{"background-color":"","background-image":"","background-repeat":"repeat","background-position":"center center","background-size":"auto","background-attachment":"scroll","background-type":"","background-media":"","overlay-type":"","overlay-color":"","overlay-opacity":"","overlay-gradient":""},"mobile":{"background-color":"","background-image":"","background-repeat":"repeat","background-position":"center center","background-size":"auto","background-attachment":"scroll","background-type":"","background-media":"","overlay-type":"","overlay-color":"","overlay-opacity":"","overlay-gradient":""}},"ast-content-background-meta":{"desktop":{"background-color":"var(--ast-global-color-5)","background-image":"","background-repeat":"repeat","background-position":"center center","background-size":"auto","background-attachment":"scroll","background-type":"","background-media":"","overlay-type":"","overlay-color":"","overlay-opacity":"","overlay-gradient":""},"tablet":{"background-color":"var(--ast-global-color-5)","background-image":"","background-repeat":"repeat","background-position":"center center","background-size":"auto","background-attachment":"scroll","background-type":"","background-media":"","overlay-type":"","overlay-color":"","overlay-opacity":"","overlay-gradient":""},"mobile":{"background-color":"var(--ast-global-color-5)","background-image":"","background-repeat":"repeat","background-position":"center center","background-size":"auto","background-attachment":"scroll","background-type":"","background-media":"","overlay-type":"","overlay-color":"","overlay-opacity":"","overlay-gradient":""}},"_themeisle_gutenberg_block_has_review":false,"footnotes":""},"class_list":["post-77","page","type-page","status-publish","hentry"],"jetpack_sharing_enabled":true,"_links":{"self":[{"href":"https:\/\/www.egce.universite-paris-saclay.fr\/index.php?rest_route=\/wp\/v2\/pages\/77","targetHints":{"allow":["GET"]}}],"collection":[{"href":"https:\/\/www.egce.universite-paris-saclay.fr\/index.php?rest_route=\/wp\/v2\/pages"}],"about":[{"href":"https:\/\/www.egce.universite-paris-saclay.fr\/index.php?rest_route=\/wp\/v2\/types\/page"}],"author":[{"embeddable":true,"href":"https:\/\/www.egce.universite-paris-saclay.fr\/index.php?rest_route=\/wp\/v2\/users\/1"}],"replies":[{"embeddable":true,"href":"https:\/\/www.egce.universite-paris-saclay.fr\/index.php?rest_route=%2Fwp%2Fv2%2Fcomments&post=77"}],"version-history":[{"count":0,"href":"https:\/\/www.egce.universite-paris-saclay.fr\/index.php?rest_route=\/wp\/v2\/pages\/77\/revisions"}],"up":[{"embeddable":true,"href":"https:\/\/www.egce.universite-paris-saclay.fr\/index.php?rest_route=\/wp\/v2\/pages\/65"}],"wp:attachment":[{"href":"https:\/\/www.egce.universite-paris-saclay.fr\/index.php?rest_route=%2Fwp%2Fv2%2Fmedia&parent=77"}],"curies":[{"name":"wp","href":"https:\/\/api.w.org\/{rel}","templated":true}]}}