{"id":38,"date":"2013-11-14T14:09:06","date_gmt":"2013-11-14T13:09:06","guid":{"rendered":"https:\/\/www.egce.universite-paris-saclay.fr\/wordpress\/?page_id=38"},"modified":"2013-11-14T14:09:06","modified_gmt":"2013-11-14T13:09:06","slug":"historique","status":"publish","type":"page","link":"https:\/\/www.egce.universite-paris-saclay.fr\/?page_id=38","title":{"rendered":"Historique"},"content":{"rendered":"<fieldset>Michel Solignac, g\u00e9n\u00e9ticien et \u00e9volutionniste, nous a quitt\u00e9s le 26 ao\u00fbt 2016 apr\u00e8s une br\u00e8ve maladie. Professeur \u00e0 l\u2019universit\u00e9 Paris-Sud de 1988 \u00e0 2009, \u00a0il a durant\u00a0 38 ans men\u00e9 des recherches au laboratoire du CNRS \u00e0 Gif-sur-Yvette (actuellement UMR\u00a0 Evolution, G\u00e9n\u00e9tique, Comportement, Ecologie). Il a \u00e9t\u00e9 secr\u00e9taire g\u00e9n\u00e9ral de la Soci\u00e9t\u00e9 Fran\u00e7aise de G\u00e9n\u00e9tique de 1988 \u00e0 1992.<\/p>\n<p>Il laisse une empreinte scientifique ind\u00e9niable.<a href=\"https:\/\/www.egce.universite-paris-saclay.fr\/wp-content\/uploads\/2016\/09\/1989c1.jpg\"><img loading=\"lazy\" decoding=\"async\" class=\"alignnone wp-image-6897\" src=\"https:\/\/www.egce.universite-paris-saclay.fr\/wp-content\/uploads\/2016\/09\/1989c1.jpg\" alt=\"1989c1\" width=\"401\" height=\"242\" \/><\/a><\/p>\n<legend><b><a href=\"https:\/\/www.egce.universite-paris-saclay.fr\/?page_id=7000\">Une pens\u00e9e pour Michel Solignac<\/a><br \/>\n<\/b><\/legend>\n<\/fieldset>\n<fieldset>\n<legend><b>Les d\u00e9buts du laboratoire<br \/>\n<\/b><\/legend>\n<p>En 1946, le CNRS cherche un emplacement pour installer des laboratoires de recherche, au calme, pas trop \u00e9loign\u00e9 de Paris et b\u00e9n\u00e9ficiant de moyens de transport pratiques. Gif semblait le lieu id\u00e9al. Fr\u00e9d\u00e9ric Joliot-Curie, alors \u00e0 la t\u00eate du nouveau CNRS, est l&rsquo;ami de Jacques Noetzlin, physicien et propri\u00e9taire du ch\u00e2teau, qui ne d\u00e9sire pas conserver ce domaine. Tous deux ont suivi les cours de physique de Jean Perrin. Le 3 juin 1946, le CNRS acquiert le ch\u00e2teau et son domaine de 67 hectares. Les trois premiers laboratoires cr\u00e9\u00e9s sur ce campus relevaient des Sciences de la Vie et \u00e9taient exclusivement consacr\u00e9s \u00e0 la g\u00e9n\u00e9tique, discipline qui \u00e0 cette \u00e9poque n&rsquo;avait pas encore vraiment trouv\u00e9 sa place \u00e0 l&rsquo;Universit\u00e9.<\/p>\n<p>Le premier laboratoire effectivement install\u00e9 \u00e0 Gif fut celui de Philippe L&rsquo;H\u00e9ritier en 1951: il s&rsquo;agissait d&rsquo;un laboratoire de g\u00e9n\u00e9tique formelle qui se consacrait \u00e0 \u00e9tudier l\u2019h\u00e9ritabilit\u00e9 de la sensibilit\u00e9 au CO2 chez la drosophile caus\u00e9e par un virus. Il fut bient\u00f4t suivi par celui de Georges Teissier, notre laboratoire, intitul\u00e9 au d\u00e9part \u00ab\u00a0Laboratoire de G\u00e9n\u00e9tique Evolutive et Biom\u00e9trie\u00a0\u00bb o\u00f9 l\u2019on \u00e9tudiait la g\u00e9n\u00e9tique des populations. Toutefois le laboratoire de G. Teissier demeura embryonnaire jusqu&rsquo;\u00e0 ce que Charles Bocquet en prenne la charge en 1966. Ce dernier \u00e9largit la contribution de cette unit\u00e9 \u00e0 l&rsquo;\u00e9tude des populations naturelles et de la sp\u00e9ciation, sur deux organismes mod\u00e8les, les Jaera, un crustac\u00e9 marin, et la drosophile. Le propos des p\u00e8res fondateurs s&rsquo;est maintenu ensuite sous la houlette de Jean David (1980-1992) avec l\u2019introduction de nouveaux mat\u00e9riaux d&rsquo;\u00e9tude (l&rsquo;abeille, les parasites de drosophiles : \u00e9l\u00e9ments transposables ou insectes parasito\u00efdes) ainsi que de nouveaux th\u00e8mes. L&rsquo;\u00e9quipe de Jean-Marc Jallon sera cr\u00e9\u00e9e au laboratoire en 1985 pour travailler sur les hydrocarbures cuticulaires et la reconnaissance sexuelle de la drosophile avant de rejoindre l&rsquo;Universit\u00e9 d&rsquo;Orsay en 1989. Depuis, l&rsquo;apparition de nouvelles techniques a permis une approche plus mol\u00e9culaire des diff\u00e9rentes th\u00e9matiques. Et c&rsquo;est avec les drosophilistes de deuxi\u00e8me g\u00e9n\u00e9ration et m\u00eame de troisi\u00e8me g\u00e9n\u00e9ration de G. Teissier et C. Bocquet que notre laboratoire, intitul\u00e9 depuis 1993 \u00ab\u00a0Populations, G\u00e9n\u00e9tique, Evolution\u00a0\u00bb sous la direction de Marie-Louise. Cariou (1993-2005), se maintient dans le peloton de t\u00eate des recherches sur l&rsquo;\u00e9volution. Dans un souci d\u2019\u00e9changes actifs de comp\u00e9tence une \u00e9quipe INRA a \u00e9t\u00e9 accueillie de 1993 \u00e0 1998 (Jean-Yves Rasplus) avant de rejoindre Montpellier. En 2001, cette compl\u00e9mentarit\u00e9 avec la recherche finalis\u00e9e prend toute son ampleur avec la cr\u00e9ation de l\u2019unit\u00e9 IRD (UR072) par Jean-Fran\u00e7ois Silvain au sein m\u00eame du laboratoire. Cette unit\u00e9 travaille en \u00e9troite association avec les pays du Sud (Afrique et Am\u00e9rique Latine) sur les relations plantes-phytophages-parasito\u00efdes en milieu tropical. Cette activit\u00e9, centr\u00e9e sur l\u2019\u00e9tude des interactions entre esp\u00e8ces dans la nature, renforce consid\u00e9rablement l\u2019investissement particuli\u00e8rement fort du laboratoire depuis sa cr\u00e9ation dans la compr\u00e9hension des m\u00e9canismes d\u2019adaptation et de diff\u00e9renciation des populations, en particulier africaines.<\/p>\n<p>Le dynamisme du laboratoire est inscrit \u00e0 la fois dans l\u2019\u00e9volution des th\u00e9matiques et dans celle des techniques. Depuis une dizaine d\u2019ann\u00e9es, le laboratoire a favoris\u00e9 l\u2019arriv\u00e9e de jeunes chercheurs qui enrichissent et \u00e9largissent les domaines de comp\u00e9tences. En 2002, une \u00e9quipe Evo-Devo (Didier Casane, ATIPE et ATIPE plus CNRS) est arriv\u00e9e, avec en particulier le poisson z\u00e8bre et la roussette comme mod\u00e8les, pour \u00e9tudier l\u2019\u00e9volution mol\u00e9culaire et fonctionnelle des familles multig\u00e9niques. Plus r\u00e9cemment, des recherches li\u00e9es aux capacit\u00e9s cognitives des drosophiles se sont d\u00e9velopp\u00e9es gr\u00e2ce au recrutement de Fr\u00e9d\u00e9ric M\u00e9ry (2005, ATIPE, ERC jeune chercheur). En 2006, le laboratoire prend comme intitul\u00e9 \u00ab\u00a0Laboratoire Evolution, G\u00e9nomes et Sp\u00e9ciation\u00a0\u00bb sous la direction de Pierre Capy, Professeur \u00e0 l&rsquo;Universit\u00e9 d&rsquo;Orsay. Il est renouvel\u00e9 pour 4 ans en 2010 et tend \u00e0 d\u00e9velopper aussi des aspects en biologie th\u00e9orique, simulation et mod\u00e9lisation gr\u00e2ce au recrutement d\u2019Arnaud Le Rouzic (2009, European Reintegration Grant).<\/p>\n<p>Au 1er janvier 2015 le LEGS c\u00e8de la place au laboratoire Evolution, G\u00e9nomes, Comportement et Ecologie (EGCE) dirig\u00e9 par Catherine Montchamp-Moreau. Deux chefs d&rsquo;\u00e9quipes sont arriv\u00e9s: Nicolas Pollet va d\u00e9velopper l&rsquo;\u00e9tude comparative et \u00e9volutive de la complexit\u00e9 de la structure des g\u00e9nomes chez les amphibiens et Fr\u00e9d\u00e9ric Marion-Poll va aborder le r\u00f4le des signaux chimiques d&rsquo;origine alimentaire dans l&rsquo;adaptation des insectes \u00e0 leur environnement. A. Michel-Salzat (EC Paris Diderot) rejoint l&rsquo;\u00e9quipe de D. Casane.<\/p>\n<p>Le 1er janvier 2020 une nouvelle \u00e9quipe de direction arrive \u00e0 EGCE: Laure Kaiser-Arnauld est \u00e9lue directrice et Jean-Christophe Sandoz directeur adjoint. De nouveaux membres ont rejoint le laboratoire: H\u00e9lo\u00efse Bastide (EC), Amir Yassin (CR CNRS), Fabrice Requier (CR IRD) qui vient \u00e9tudier la r\u00e9silience des pollinisateurs et du service de pollinisation face aux changements globaux. C\u00f4t\u00e9 ITs: Virginie Larcher (AI CNRS) et Laurent Legendre (IE CNRS) sont arriv\u00e9s. En tout le laboratoire compte 48 membres permanents.<\/fieldset>\n<fieldset>\n<legend><b>Evolution structurelle du laboratoire<\/b><\/legend>\n<p>L&rsquo;association avec l&rsquo;\u00e9quipe IRD s&rsquo;est affirm\u00e9e avec la fusion des deux unit\u00e9s au 1er janvier 2015.\u00a0 Sur le plan scientifique, les interactions et collaborations sont r\u00e9elles comme le montrent les r\u00e9alisations communes : publications, organisation de colloque. Elles vont encore s&rsquo;accro\u00eetre sur des th\u00e8mes convergents comme l&rsquo;\u00e9tude des invasions biologiques o\u00f9 des avanc\u00e9es conceptuelles ont d\u00e9j\u00e0 \u00e9t\u00e9 r\u00e9alis\u00e9es. Une partie de l&rsquo;unit\u00e9 est bas\u00e9e \u00e0 Gif mais des implantations \u00e0 l&rsquo;\u00e9tranger (Kenya, Equateur, Cameroun) facilitent l&rsquo;acc\u00e8s au terrain africain pour les diff\u00e9rents chercheurs du laboratoire..<\/p>\n<p>Depuis 2006, 14 chercheurs et enseignants-chercheurs ont rejoint l&rsquo;Unit\u00e9, par recrutement ou affectation : C. Wicker (CNRS), J. Rouault (CNRS), J. Fil\u00e9e (CNRS), J.C. Sandoz (CNRS), F. M\u00e9ry (CNRS), A. Le Rouzic (CNRS), M. Harry (Professeur Paris Sud 11), L. Kaiser (CNRS), P.A. Calatayud, (IRD), , B. Le Ru (IRD), O. Dangles (IRD), R. Pasquet (IRD), N.Pollet (CNRS), F. Marion-Poll (Professeur AgroParisTech) ce qui conduit \u00e0 un effectif au 1\/1\/2015 de 19 chercheurs (CNRS, IRD) et 12 enseignants chercheurs. Ces chiffres atteignent 20 chercheurs (CNRS+IRD) et 11 enseignants-chercheurs en f\u00e9vrier 2020 avec l&rsquo;arriv\u00e9e de C. Gilbert, H. Bastide, A. Michel-Salzat, F. Requier et A. Yassin.<\/fieldset>\n<fieldset>\n<legend><b>Une ouverture plus affirm\u00e9e sur l&rsquo;universit\u00e9<\/b><\/legend>\n<p>Une association forte avec l&rsquo;Universit\u00e9 s&rsquo;est d\u00e9velopp\u00e9e depuis plusieurs ann\u00e9es notamment, avec l&rsquo;universit\u00e9 Paris-Sud \u00e0 Orsay qui est devenue une de nos tutelles lors de l&rsquo;UMRisation. Ceci s&rsquo;est traduit par l&rsquo;augmentation de la proportion d&rsquo;enseignants-chercheurs (12) dans l&rsquo;unit\u00e9. Ces derniers appartiennent \u00e0 3 universit\u00e9s (Paris-Saclay, Universit\u00e9 de Paris, Versailles-Saint Quentin). Les enseignants-chercheurs du laboratoire prennent de plus en plus de responsabilit\u00e9s dans diff\u00e9rentes instances de l&rsquo;universit\u00e9, notamment les \u00e9coles doctorales, et, en retour, les chercheurs s\u2019investissent davantage dans les enseignements.<\/p>\n<p>Par ailleurs, l\u2019effort de structuration de la communaut\u00e9 des \u00ab \u00e9volutionnistes \u00bb des campus de GIF et d&rsquo;Orsay s&rsquo;est concr\u00e9tis\u00e9 avec la mise en place de l\u2019Institut Diversit\u00e9 Ecologie et Evolution du Vivant (IDEEV), une d\u00e9marche dans laquelle l\u2019unit\u00e9 a jou\u00e9 un r\u00f4le moteur. L\u2019IDEEV, cr\u00e9\u00e9 au 1er janvier 2010, regroupe trois laboratoires fondateurs et diff\u00e9rentes \u00e9quipes appartenant \u00e0 des laboratoires des deux campus et de l\u2019INRA.<\/fieldset>\n","protected":false},"excerpt":{"rendered":"<p>Michel Solignac, g\u00e9n\u00e9ticien et \u00e9volutionniste, nous a quitt\u00e9s le 26 ao\u00fbt 2016 apr\u00e8s une br\u00e8ve maladie. Professeur \u00e0 l\u2019universit\u00e9 Paris-Sud de 1988 \u00e0 2009, \u00a0il a durant\u00a0 38 ans men\u00e9 des recherches au laboratoire du CNRS \u00e0 Gif-sur-Yvette (actuellement UMR\u00a0 Evolution, G\u00e9n\u00e9tique, Comportement, Ecologie). Il a \u00e9t\u00e9 secr\u00e9taire g\u00e9n\u00e9ral de la Soci\u00e9t\u00e9 Fran\u00e7aise de G\u00e9n\u00e9tique [&hellip;]<\/p>\n","protected":false},"author":1,"featured_media":0,"parent":18,"menu_order":3,"comment_status":"closed","ping_status":"closed","template":"","meta":{"site-sidebar-layout":"default","site-content-layout":"","ast-site-content-layout":"default","site-content-style":"default","site-sidebar-style":"default","ast-global-header-display":"","ast-banner-title-visibility":"","ast-main-header-display":"","ast-hfb-above-header-display":"","ast-hfb-below-header-display":"","ast-hfb-mobile-header-display":"","site-post-title":"","ast-breadcrumbs-content":"","ast-featured-img":"","footer-sml-layout":"","ast-disable-related-posts":"","theme-transparent-header-meta":"","adv-header-id-meta":"","stick-header-meta":"","header-above-stick-meta":"","header-main-stick-meta":"","header-below-stick-meta":"","astra-migrate-meta-layouts":"default","ast-page-background-enabled":"default","ast-page-background-meta":{"desktop":{"background-color":"var(--ast-global-color-4)","background-image":"","background-repeat":"repeat","background-position":"center center","background-size":"auto","background-attachment":"scroll","background-type":"","background-media":"","overlay-type":"","overlay-color":"","overlay-opacity":"","overlay-gradient":""},"tablet":{"background-color":"","background-image":"","background-repeat":"repeat","background-position":"center center","background-size":"auto","background-attachment":"scroll","background-type":"","background-media":"","overlay-type":"","overlay-color":"","overlay-opacity":"","overlay-gradient":""},"mobile":{"background-color":"","background-image":"","background-repeat":"repeat","background-position":"center center","background-size":"auto","background-attachment":"scroll","background-type":"","background-media":"","overlay-type":"","overlay-color":"","overlay-opacity":"","overlay-gradient":""}},"ast-content-background-meta":{"desktop":{"background-color":"var(--ast-global-color-5)","background-image":"","background-repeat":"repeat","background-position":"center center","background-size":"auto","background-attachment":"scroll","background-type":"","background-media":"","overlay-type":"","overlay-color":"","overlay-opacity":"","overlay-gradient":""},"tablet":{"background-color":"var(--ast-global-color-5)","background-image":"","background-repeat":"repeat","background-position":"center center","background-size":"auto","background-attachment":"scroll","background-type":"","background-media":"","overlay-type":"","overlay-color":"","overlay-opacity":"","overlay-gradient":""},"mobile":{"background-color":"var(--ast-global-color-5)","background-image":"","background-repeat":"repeat","background-position":"center center","background-size":"auto","background-attachment":"scroll","background-type":"","background-media":"","overlay-type":"","overlay-color":"","overlay-opacity":"","overlay-gradient":""}},"_themeisle_gutenberg_block_has_review":false,"footnotes":""},"class_list":["post-38","page","type-page","status-publish","hentry"],"jetpack_sharing_enabled":true,"_links":{"self":[{"href":"https:\/\/www.egce.universite-paris-saclay.fr\/index.php?rest_route=\/wp\/v2\/pages\/38","targetHints":{"allow":["GET"]}}],"collection":[{"href":"https:\/\/www.egce.universite-paris-saclay.fr\/index.php?rest_route=\/wp\/v2\/pages"}],"about":[{"href":"https:\/\/www.egce.universite-paris-saclay.fr\/index.php?rest_route=\/wp\/v2\/types\/page"}],"author":[{"embeddable":true,"href":"https:\/\/www.egce.universite-paris-saclay.fr\/index.php?rest_route=\/wp\/v2\/users\/1"}],"replies":[{"embeddable":true,"href":"https:\/\/www.egce.universite-paris-saclay.fr\/index.php?rest_route=%2Fwp%2Fv2%2Fcomments&post=38"}],"version-history":[{"count":0,"href":"https:\/\/www.egce.universite-paris-saclay.fr\/index.php?rest_route=\/wp\/v2\/pages\/38\/revisions"}],"up":[{"embeddable":true,"href":"https:\/\/www.egce.universite-paris-saclay.fr\/index.php?rest_route=\/wp\/v2\/pages\/18"}],"wp:attachment":[{"href":"https:\/\/www.egce.universite-paris-saclay.fr\/index.php?rest_route=%2Fwp%2Fv2%2Fmedia&parent=38"}],"curies":[{"name":"wp","href":"https:\/\/api.w.org\/{rel}","templated":true}]}}