{"id":3775,"date":"2025-06-23T12:09:08","date_gmt":"2025-06-23T10:09:08","guid":{"rendered":"https:\/\/www.egce.universite-paris-saclay.fr\/?page_id=3775"},"modified":"2025-06-23T12:09:09","modified_gmt":"2025-06-23T10:09:09","slug":"evolution-et-comportement","status":"publish","type":"page","link":"https:\/\/www.egce.universite-paris-saclay.fr\/?page_id=3775","title":{"rendered":"\u00c9volution et comportement"},"content":{"rendered":"\n<h1 class=\"wp-block-heading has-text-align-center\">\u00c9volution et comportement<br>\u2014<\/h1>\n\n\n\n<figure class=\"wp-block-gallery has-nested-images columns-default is-cropped wp-block-gallery-1 is-layout-flex wp-block-gallery-is-layout-flex\">\n<figure class=\"wp-block-image size-large\"><img loading=\"lazy\" decoding=\"async\" width=\"1024\" height=\"760\" data-id=\"17755\" src=\"https:\/\/www.egce.universite-paris-saclay.fr\/wp-content\/uploads\/2023\/10\/teis346-x2.5-20-1024x760.jpg\" alt=\"\" class=\"wp-image-17755\" srcset=\"https:\/\/www.egce.universite-paris-saclay.fr\/wp-content\/uploads\/2023\/10\/teis346-x2.5-20-1024x760.jpg 1024w, https:\/\/www.egce.universite-paris-saclay.fr\/wp-content\/uploads\/2023\/10\/teis346-x2.5-20-300x223.jpg 300w, https:\/\/www.egce.universite-paris-saclay.fr\/wp-content\/uploads\/2023\/10\/teis346-x2.5-20-768x570.jpg 768w, https:\/\/www.egce.universite-paris-saclay.fr\/wp-content\/uploads\/2023\/10\/teis346-x2.5-20-1536x1140.jpg 1536w, https:\/\/www.egce.universite-paris-saclay.fr\/wp-content\/uploads\/2023\/10\/teis346-x2.5-20-2048x1520.jpg 2048w, https:\/\/www.egce.universite-paris-saclay.fr\/wp-content\/uploads\/2023\/10\/teis346-x2.5-20-200x148.jpg 200w\" sizes=\"auto, (max-width: 1024px) 100vw, 1024px\" \/><\/figure>\n\n\n\n<figure class=\"wp-block-image size-large\"><img loading=\"lazy\" decoding=\"async\" width=\"1024\" height=\"768\" data-id=\"16487\" src=\"https:\/\/www.egce.universite-paris-saclay.fr\/wp-content\/uploads\/2023\/06\/PER_social-1024x768.jpg\" alt=\"\" class=\"wp-image-16487\" srcset=\"https:\/\/www.egce.universite-paris-saclay.fr\/wp-content\/uploads\/2023\/06\/PER_social-1024x768.jpg 1024w, https:\/\/www.egce.universite-paris-saclay.fr\/wp-content\/uploads\/2023\/06\/PER_social-300x225.jpg 300w, https:\/\/www.egce.universite-paris-saclay.fr\/wp-content\/uploads\/2023\/06\/PER_social-768x576.jpg 768w, https:\/\/www.egce.universite-paris-saclay.fr\/wp-content\/uploads\/2023\/06\/PER_social-1536x1152.jpg 1536w, https:\/\/www.egce.universite-paris-saclay.fr\/wp-content\/uploads\/2023\/06\/PER_social-200x150.jpg 200w, https:\/\/www.egce.universite-paris-saclay.fr\/wp-content\/uploads\/2023\/06\/PER_social.jpg 1600w\" sizes=\"auto, (max-width: 1024px) 100vw, 1024px\" \/><\/figure>\n\n\n\n<figure class=\"wp-block-image size-large\"><img loading=\"lazy\" decoding=\"async\" width=\"1024\" height=\"768\" data-id=\"16266\" src=\"https:&#x2f;&#x2f;&#x77;&#x77;&#x77;&#x2e;&#x65;&#x67;&#x63;&#x65;&#x2e;&#x75;&#x6e;&#x69;&#x76;&#x65;&#x72;&#x73;&#x69;&#x74;&#x65;&#x2d;&#112;&#97;&#114;&#105;&#115;&#45;&#115;&#97;&#99;&#108;&#97;&#121;&#46;&#102;&#114;\/wp-content\/&#x75;&#x70;&#x6c;&#x6f;&#x61;&#x64;&#x73;&#x2f;&#x32;&#x30;&#x32;&#x33;&#x2f;&#x30;&#x35;&#x2f;&#x40;&#x55;&#x6e;&#x53;&#x69;&#x76;&#x39;&#119;&#78;&#56;&#119;&#67;&#80;&#76;&#72;&#89;&#45;&#49;&#48;&#50;&#52;&#120;768&#46;jpg\" alt=\"\" class=\"wp-image-16266\" srcset=\"https:&#47;&#x2f;&#x77;w&#119;&#x2e;&#x65;g&#99;&#x65;&#46;&#117;&#x6e;&#x69;v&#101;&#x72;s&#105;&#x74;&#x65;-&#112;&#x61;&#x72;&#105;&#x73;&#x2d;s&#97;&#x63;&#x6c;a&#121;&#x2e;f&#114;&#x2f;&#x77;p&#45;&#x63;o&#110;&#x74;&#x65;n&#116;&#x2f;&#x75;&#112;&#x6c;&#x6f;a&#100;&#x73;&#x2f;2&#48;&#x32;3&#47;&#x30;&#x35;\/&#64;&#x55;n&#83;&#x69;&#x76;9&#119;&#x4e;&#x38;&#119;&#x43;&#x50;L&#72;&#x59;&#x2d;1&#48;&#x32;4&#120;&#x37;&#x36;8&#46;&#x6a;p&#103; 1024w, https:&#x2f;&#x2f;&#119;w&#x77;&#x2e;&#x65;&#103;c&#x65;&#x2e;&#x75;&#110;i&#x76;&#x65;&#x72;&#115;i&#x74;&#x65;&#x2d;&#112;a&#x72;&#x69;&#x73;&#45;s&#x61;&#x63;&#x6c;&#97;y&#x2e;&#x66;&#x72;&#47;w&#x70;&#x2d;&#x63;&#111;n&#x74;&#x65;&#x6e;&#116;\/&#x75;&#x70;&#x6c;&#111;a&#x64;&#x73;&#x2f;&#50;0&#x32;&#x33;&#x2f;&#48;5&#x2f;&#x40;&#x55;&#110;S&#x69;&#x76;&#x39;&#119;N&#x38;&#x77;&#x43;&#80;L&#x48;&#x59;&#x2d;&#51;0&#x30;&#x78;&#x32;&#50;5&#x2e;&#x6a;&#x70;&#103; 300w, https:&#x2f;\/&#x77;w&#x77;&#46;&#x65;&#103;c&#x65;&#46;&#x75;&#110;&#x69;&#118;&#x65;&#114;s&#x69;t&#x65;&#45;&#x70;&#97;&#x72;&#x69;s&#x2d;s&#x61;&#99;&#x6c;&#97;y&#x2e;f&#x72;&#47;&#x77;&#112;&#x2d;&#99;o&#x6e;t&#x65;&#110;&#x74;&#47;&#x75;&#x70;l&#x6f;a&#x64;&#115;&#x2f;&#50;0&#x32;3&#x2f;&#48;&#x35;&#47;&#x40;&#85;n&#x53;i&#x76;&#57;&#x77;&#78;&#x38;&#x77;C&#x50;L&#x48;&#89;&#x2d;&#55;6&#x38;x&#x35;&#55;&#x36;&#46;&#x6a;&#112;g 768w, https:&#47;&#x2f;&#119;&#x77;w&#x2e;e&#103;&#x63;&#101;&#x2e;&#117;&#x6e;i&#x76;e&#114;&#x73;&#105;&#x74;e&#x2d;p&#x61;&#x72;&#105;&#x73;&#45;&#x73;a&#x63;l&#97;&#x79;&#46;&#x66;&#114;&#x2f;w&#x70;-&#99;&#x6f;&#110;&#x74;e&#x6e;t&#x2f;&#x75;&#112;&#x6c;&#111;&#x61;d&#x73;\/&#50;&#x30;&#50;&#x33;&#47;&#x30;5&#x2f;&#64;&#85;&#x6e;&#83;&#x69;v&#x39;w&#x4e;&#x38;&#119;&#x43;&#80;&#x4c;H&#x59;-&#49;&#x35;&#51;&#x36;&#120;&#x31;1&#x35;2&#46;&#x6a;&#112;&#x67; 1536w, https:\/&#47;&#x77;&#x77;&#x77;&#46;&#101;&#103;&#x63;&#x65;&#46;&#117;&#110;&#x69;&#x76;er&#115;&#x69;&#x74;&#x65;-&#112;&#x61;&#x72;&#x69;s&#45;&#115;&#x61;&#x63;l&#97;&#121;&#x2e;&#x66;r\/&#119;&#x70;&#x2d;&#x63;o&#110;&#116;&#x65;&#x6e;t&#47;&#117;&#x70;&#x6c;o&#97;&#100;&#x73;&#x2f;20&#50;&#x33;&#x2f;&#x30;5&#47;&#64;&#x55;&#x6e;S&#105;&#118;&#x39;&#x77;N&#56;&#119;&#x43;&#x50;LH&#89;&#x2d;&#x32;&#x30;0&#120;&#49;&#x35;&#x30;&#46;&#106;&#112;&#x67; 200w, https:\/\/www&#46;egce&#46;u&#110;&#105;&#118;&#101;&#114;&#115;&#105;&#116;&#101;&#45;&#112;&#97;&#114;&#105;&#115;&#x2d;&#x73;&#x61;&#x63;&#x6c;&#x61;&#x79;&#x2e;&#x66;&#x72;&#x2f;&#x77;&#x70;&#x2d;&#x63;&#x6f;&#x6e;&#x74;&#x65;&#x6e;&#x74;&#x2f;&#x75;ploads\/2023\/&#48;&#53;&#47;&#64;&#85;&#110;&#83;&#105;&#118;&#57;&#119;&#78;&#56;&#119;&#67;&#x50;&#x4c;&#x48;&#x59;&#x2e;&#x6a;&#x70;&#x67; 1920w\" sizes=\"auto, (max-width: 1024px) 100vw, 1024px\" \/><\/figure>\n<\/figure>\n\n\n\n<p class=\"has-text-align-left\">Les projets de notre \u00e9quipe sont centr\u00e9s sur l\u2019\u00e9volution du comportement animal et l\u2019influence des comportements sur l\u2019\u00e9volution et la sp\u00e9ciation. Ainsi deux th\u00e9matiques principales sont abord\u00e9es : l&rsquo;\u00e9tude de l&rsquo;\u00e9volution comportementale et de la sp\u00e9ciation chez la drosophile, et l&rsquo;\u00e9volution des syst\u00e8mes sensoriels chez les insectes. <\/p>\n\n\n\n<h2 class=\"wp-block-heading\"><a href=\"https:\/\/www.egce.universite-paris-saclay.fr\/?page_id=3790\"><mark style=\"background-color:rgba(0, 0, 0, 0)\" class=\"has-inline-color has-ast-global-color-1-color\">Th\u00e9matique 1 : Comportement et sp\u00e9ciation chez la drosophile<\/mark> <\/a><\/h2>\n\n\n\n<p>L\u2019origine de nouvelles esp\u00e8ces est l\u2019une des questions les plus fondamentales de la biologie \u00e9volutive. En nous appuyant sur l\u2019h\u00e9ritage unique de notre laboratoire dans l\u2019\u00e9tude de la sp\u00e9ciation chez les drosophiles, et en incorporant de nouvelles m\u00e9thodes en g\u00e9nomique, g\u00e9n\u00e9tique et neurobiologie, nous explorons diff\u00e9rentes facettes des interactions entre sp\u00e9ciation et comportement. Nous supposons que les g\u00e8nes responsables des changements de comportement peuvent \u00eatre li\u00e9s de mani\u00e8re pl\u00e9iotropique aux locus sous-jacents aux divergences physiologiques et morphologiques, favorisant finalement la sp\u00e9ciation.<\/p>\n\n\n\n<h2 class=\"wp-block-heading\"><a href=\"https:\/\/www.egce.universite-paris-saclay.fr\/?page_id=3786\"><mark style=\"background-color:rgba(0, 0, 0, 0)\" class=\"has-inline-color has-ast-global-color-1-color\">Th\u00e9matique 2 : Evolution des syst\u00e8mes sensoriels chez les Hym\u00e9nopt\u00e8re<\/mark>s<\/a><\/h2>\n\n\n\n<p>Les syst\u00e8mes sensoriels sont \u00e0 l\u2019interface entre l\u2019environnement des animaux d\u2019une part et leur physiologie et leur comportement d\u2019autre part. Ils d\u00e9terminent la fa\u00e7on dont les animaux per\u00e7oivent le monde, et y r\u00e9pondent par leur comportement. Par cons\u00e9quent, notre hypoth\u00e8se de travail est que l\u2019\u00e9volution des syst\u00e8mes sensoriels joue un r\u00f4le central dans l\u2019adaptation des comportements aux changements environnementaux ou \u00e0 l\u2019occupation de nouvelles niches \u00e9cologiques. En combinant de nouvelles m\u00e9thodes en g\u00e9nomique, g\u00e9n\u00e9tique et neuro\u00e9thologie, nous explorons diff\u00e9rentes facettes de l&rsquo;\u00e9volution des syst\u00e8mes sensoriels, en particulier chimiosensoriels, et leur implication dans une transition majeure dans l\u2019organisation du vivant, i.e. l\u2019apparition du plus haut degr\u00e9 de vie sociale (eusocialit\u00e9). Nos mod\u00e8les d&rsquo;\u00e9tude sont principalement des insectes hym\u00e9nopt\u00e8res, ordre connu pour avoir connu au moins 9 \u00e9mergences ind\u00e9pendantes de l\u2019eusocialit\u00e9. Nous travaillons donc sur des hym\u00e9nopt\u00e8res sociaux (abeilles domestiques, bourdons, gu\u00eapes vespid\u00e9es et fourmis) mais aussi solitaires (gu\u00eapes parasites, abeilles solitaires, etc).<\/p>\n\n\n\n<h2 class=\"wp-block-heading\"><a href=\"https:\/\/www.egce.universite-paris-saclay.fr\/?page_id=18642\">Membres du p\u00f4le<\/a><\/h2>\n\n\n\n<h2 class=\"wp-block-heading\"><a href=\"https:\/\/www.egce.universite-paris-saclay.fr\/?page_id=18668\">Publications<\/a><\/h2>\n\n\n\n<h2 class=\"wp-block-heading\"><a href=\"https:\/\/www.egce.universite-paris-saclay.fr\/?page_id=19736\">Rejoindre le p\u00f4le<\/a><\/h2>\n\n\n\n<h2 class=\"wp-block-heading\"><a href=\"https:\/\/www.egce.universite-paris-saclay.fr\/?page_id=18660\">Anciens membres du p\u00f4le comportement<\/a><\/h2>\n\n\n\n<h2 class=\"wp-block-heading\"><a href=\"https:\/\/www.egce.universite-paris-saclay.fr\/?page_id=18645\">Financements<\/a><\/h2>\n","protected":false},"excerpt":{"rendered":"<p>\u00c9volution et comportement\u2014 Les projets de notre \u00e9quipe sont centr\u00e9s sur l\u2019\u00e9volution du comportement animal et l\u2019influence des comportements sur l\u2019\u00e9volution et la sp\u00e9ciation. Ainsi deux th\u00e9matiques principales sont abord\u00e9es : l&rsquo;\u00e9tude de l&rsquo;\u00e9volution comportementale et de la sp\u00e9ciation chez la drosophile, et l&rsquo;\u00e9volution des syst\u00e8mes sensoriels chez les insectes. Th\u00e9matique 1 : Comportement et [&hellip;]<\/p>\n","protected":false},"author":151,"featured_media":0,"parent":3766,"menu_order":3,"comment_status":"closed","ping_status":"closed","template":"","meta":{"site-sidebar-layout":"default","site-content-layout":"","ast-site-content-layout":"default","site-content-style":"default","site-sidebar-style":"default","ast-global-header-display":"","ast-banner-title-visibility":"","ast-main-header-display":"","ast-hfb-above-header-display":"","ast-hfb-below-header-display":"","ast-hfb-mobile-header-display":"","site-post-title":"","ast-breadcrumbs-content":"","ast-featured-img":"","footer-sml-layout":"","ast-disable-related-posts":"","theme-transparent-header-meta":"","adv-header-id-meta":"","stick-header-meta":"","header-above-stick-meta":"","header-main-stick-meta":"","header-below-stick-meta":"","astra-migrate-meta-layouts":"set","ast-page-background-enabled":"default","ast-page-background-meta":{"desktop":{"background-color":"var(--ast-global-color-4)","background-image":"","background-repeat":"repeat","background-position":"center center","background-size":"auto","background-attachment":"scroll","background-type":"","background-media":"","overlay-type":"","overlay-color":"","overlay-opacity":"","overlay-gradient":""},"tablet":{"background-color":"","background-image":"","background-repeat":"repeat","background-position":"center center","background-size":"auto","background-attachment":"scroll","background-type":"","background-media":"","overlay-type":"","overlay-color":"","overlay-opacity":"","overlay-gradient":""},"mobile":{"background-color":"","background-image":"","background-repeat":"repeat","background-position":"center center","background-size":"auto","background-attachment":"scroll","background-type":"","background-media":"","overlay-type":"","overlay-color":"","overlay-opacity":"","overlay-gradient":""}},"ast-content-background-meta":{"desktop":{"background-color":"var(--ast-global-color-5)","background-image":"","background-repeat":"repeat","background-position":"center center","background-size":"auto","background-attachment":"scroll","background-type":"","background-media":"","overlay-type":"","overlay-color":"","overlay-opacity":"","overlay-gradient":""},"tablet":{"background-color":"var(--ast-global-color-5)","background-image":"","background-repeat":"repeat","background-position":"center center","background-size":"auto","background-attachment":"scroll","background-type":"","background-media":"","overlay-type":"","overlay-color":"","overlay-opacity":"","overlay-gradient":""},"mobile":{"background-color":"var(--ast-global-color-5)","background-image":"","background-repeat":"repeat","background-position":"center center","background-size":"auto","background-attachment":"scroll","background-type":"","background-media":"","overlay-type":"","overlay-color":"","overlay-opacity":"","overlay-gradient":""}},"_themeisle_gutenberg_block_has_review":false,"footnotes":""},"class_list":["post-3775","page","type-page","status-publish","hentry"],"jetpack_sharing_enabled":true,"_links":{"self":[{"href":"https:\/\/www.egce.universite-paris-saclay.fr\/index.php?rest_route=\/wp\/v2\/pages\/3775","targetHints":{"allow":["GET"]}}],"collection":[{"href":"https:\/\/www.egce.universite-paris-saclay.fr\/index.php?rest_route=\/wp\/v2\/pages"}],"about":[{"href":"https:\/\/www.egce.universite-paris-saclay.fr\/index.php?rest_route=\/wp\/v2\/types\/page"}],"author":[{"embeddable":true,"href":"https:\/\/www.egce.universite-paris-saclay.fr\/index.php?rest_route=\/wp\/v2\/users\/151"}],"replies":[{"embeddable":true,"href":"https:\/\/www.egce.universite-paris-saclay.fr\/index.php?rest_route=%2Fwp%2Fv2%2Fcomments&post=3775"}],"version-history":[{"count":31,"href":"https:\/\/www.egce.universite-paris-saclay.fr\/index.php?rest_route=\/wp\/v2\/pages\/3775\/revisions"}],"predecessor-version":[{"id":19930,"href":"https:\/\/www.egce.universite-paris-saclay.fr\/index.php?rest_route=\/wp\/v2\/pages\/3775\/revisions\/19930"}],"up":[{"embeddable":true,"href":"https:\/\/www.egce.universite-paris-saclay.fr\/index.php?rest_route=\/wp\/v2\/pages\/3766"}],"wp:attachment":[{"href":"https:\/\/www.egce.universite-paris-saclay.fr\/index.php?rest_route=%2Fwp%2Fv2%2Fmedia&parent=3775"}],"curies":[{"name":"wp","href":"https:\/\/api.w.org\/{rel}","templated":true}]}}