{"id":18660,"date":"2024-03-29T15:40:23","date_gmt":"2024-03-29T14:40:23","guid":{"rendered":"https:\/\/www.egce.universite-paris-saclay.fr\/?page_id=18660"},"modified":"2025-06-23T11:22:37","modified_gmt":"2025-06-23T09:22:37","slug":"anciens-membres-du-pole-evolution-comportement","status":"publish","type":"page","link":"https:\/\/www.egce.universite-paris-saclay.fr\/?page_id=18660","title":{"rendered":"Anciens membres du p\u00f4le evolution &#038; comportement"},"content":{"rendered":"\n<ul class=\"wp-block-list\">\n<li><strong>Benjamin Andreu<\/strong>, Doctorant. Etude de r\u00e9cepteurs ph\u00e9romonaux chez l&rsquo;abeille <em>Apis mellifera<\/em>.<\/li>\n\n\n\n<li><strong>Mariangela Arca<\/strong>, Doctorante. Caract\u00e9risation g\u00e9n\u00e9tique et \u00e9tude comportementale d\u2019une esp\u00e8ce envahissante en France: Vespa velutina<\/li>\n\n\n\n<li><strong>Aurore Avargu\u00e8s-Weber<\/strong>, Postdoctorante. Apprentissages non-\u00e9l\u00e9mentaires sur compensateur de locomotion.<\/li>\n\n\n\n<li><strong>Florian Bastin<\/strong>, Doctorant. \u00c9volution de la communication sexuelle chez l\u2019abeille.<\/li>\n\n\n\n<li><strong>Andreas Brandstaetter<\/strong>, Postdoctorant. \u00c9volution de la communication ph\u00e9romonale dans le genre Apis.<\/li>\n\n\n\n<li><strong>Aur\u00e9lie Camprodron<\/strong>, Master 2.<\/li>\n\n\n\n<li><strong>Hanna Chol\u00e9<\/strong>, Doctorante. Apprentissage social chez l\u2019abeille domestique<\/li>\n\n\n\n<li><strong>Antoine Couto<\/strong>, Doctorant puis postdoctorant. \u00c9tudes neuroanatomiques et comportementales chez le frelon asiatique <em>Vespa velutina<\/em>.<\/li>\n\n\n\n<li><strong>Aliz\u00e9e Delarue, <\/strong>Master 2. Etude fonctionnelle de r\u00e9cepteurs ph\u00e9romonaux chez l\u2019abeille<\/li>\n\n\n\n<li><strong>Kevin Fradin.<\/strong> \u00c9tude comportementale de l\u2019apprentissage chez le frelon asiatique <em>Vespa velutina<\/em>.<\/li>\n\n\n\n<li><strong>J\u00e9r\u00e9my Guillaume<\/strong>, Doctorant. Facteurs de variation de l\u2019efficacit\u00e9 digestive des larves de mouche soldat noire (<em>Hermetia illucens<\/em>) au sein des r\u00e9gimes formul\u00e9s.<\/li>\n\n\n\n<li><strong>Pierre Junca<\/strong>, Doctorant. Bases comportementales et g\u00e9n\u00e9tiques des apprentissages aversif et app\u00e9titif chez l\u2019abeille.<\/li>\n\n\n\n<li><strong>Nicholas Henderson<\/strong>, \u00c9tudiant de M2R. Apprentissage de m\u00e9langes olfactifs chez l\u2019abeille.<\/li>\n\n\n\n<li><strong>Justine Leloup<\/strong>, \u00c9tudiante de M2R. Apprentissage bimodal chez l\u2019abeille domestique.<\/li>\n\n\n\n<li><strong>Thierry Louis<\/strong>, Postdoctorant. \u00c9tude des r\u00e9cepteurs olfactifs sexuels chez l\u2019abeille.<\/li>\n\n\n\n<li><strong>Simon Marty<\/strong>, Doctorant. Etude de l&rsquo;\u00e9volution du syst\u00e8me olfactif chez les Hym\u00e9nopt\u00e8res.<\/li>\n\n\n\n<li><strong>Am\u00e9lie No\u00ebl<\/strong>, Assistante Ing\u00e9nieur (sur contrat \u2013 IDEX Paris-Saclay)<\/li>\n\n\n\n<li><strong>Ana-Carolina Roselino<\/strong>, Postdoctorante. Neuroanatomie du syst\u00e8me olfactif des abeilles sans dard.<\/li>\n\n\n\n<li><strong>Lucie Savignac,&nbsp;<\/strong>Master 2. Etude neuroanatomique de la voie olfactive chez la gu\u00eape \u00e9meraude.<\/li>\n\n\n\n<li><strong>C\u00e9line Serrano,\u00a0<\/strong>Postdoc. <\/li>\n\n\n\n<li><strong>Lohan Valadares,\u00a0<\/strong>Postdoc. Etude neuroanatomique des fourmis et termites.<\/li>\n\n\n\n<li><strong>Marie-Anne Wycke<\/strong>, \u00c9tudiante de M2R. Apprentissage de m\u00e9langes olfactifs.<\/li>\n<\/ul>\n","protected":false},"excerpt":{"rendered":"","protected":false},"author":100,"featured_media":0,"parent":0,"menu_order":0,"comment_status":"closed","ping_status":"closed","template":"","meta":{"site-sidebar-layout":"default","site-content-layout":"","ast-site-content-layout":"default","site-content-style":"default","site-sidebar-style":"default","ast-global-header-display":"","ast-banner-title-visibility":"","ast-main-header-display":"","ast-hfb-above-header-display":"","ast-hfb-below-header-display":"","ast-hfb-mobile-header-display":"","site-post-title":"","ast-breadcrumbs-content":"","ast-featured-img":"","footer-sml-layout":"","ast-disable-related-posts":"","theme-transparent-header-meta":"","adv-header-id-meta":"","stick-header-meta":"","header-above-stick-meta":"","header-main-stick-meta":"","header-below-stick-meta":"","astra-migrate-meta-layouts":"set","ast-page-background-enabled":"default","ast-page-background-meta":{"desktop":{"background-color":"var(--ast-global-color-4)","background-image":"","background-repeat":"repeat","background-position":"center center","background-size":"auto","background-attachment":"scroll","background-type":"","background-media":"","overlay-type":"","overlay-color":"","overlay-opacity":"","overlay-gradient":""},"tablet":{"background-color":"","background-image":"","background-repeat":"repeat","background-position":"center center","background-size":"auto","background-attachment":"scroll","background-type":"","background-media":"","overlay-type":"","overlay-color":"","overlay-opacity":"","overlay-gradient":""},"mobile":{"background-color":"","background-image":"","background-repeat":"repeat","background-position":"center center","background-size":"auto","background-attachment":"scroll","background-type":"","background-media":"","overlay-type":"","overlay-color":"","overlay-opacity":"","overlay-gradient":""}},"ast-content-background-meta":{"desktop":{"background-color":"var(--ast-global-color-5)","background-image":"","background-repeat":"repeat","background-position":"center center","background-size":"auto","background-attachment":"scroll","background-type":"","background-media":"","overlay-type":"","overlay-color":"","overlay-opacity":"","overlay-gradient":""},"tablet":{"background-color":"var(--ast-global-color-5)","background-image":"","background-repeat":"repeat","background-position":"center center","background-size":"auto","background-attachment":"scroll","background-type":"","background-media":"","overlay-type":"","overlay-color":"","overlay-opacity":"","overlay-gradient":""},"mobile":{"background-color":"var(--ast-global-color-5)","background-image":"","background-repeat":"repeat","background-position":"center center","background-size":"auto","background-attachment":"scroll","background-type":"","background-media":"","overlay-type":"","overlay-color":"","overlay-opacity":"","overlay-gradient":""}},"_themeisle_gutenberg_block_has_review":false,"footnotes":""},"class_list":["post-18660","page","type-page","status-publish","hentry"],"jetpack_sharing_enabled":true,"_links":{"self":[{"href":"https:\/\/www.egce.universite-paris-saclay.fr\/index.php?rest_route=\/wp\/v2\/pages\/18660","targetHints":{"allow":["GET"]}}],"collection":[{"href":"https:\/\/www.egce.universite-paris-saclay.fr\/index.php?rest_route=\/wp\/v2\/pages"}],"about":[{"href":"https:\/\/www.egce.universite-paris-saclay.fr\/index.php?rest_route=\/wp\/v2\/types\/page"}],"author":[{"embeddable":true,"href":"https:\/\/www.egce.universite-paris-saclay.fr\/index.php?rest_route=\/wp\/v2\/users\/100"}],"replies":[{"embeddable":true,"href":"https:\/\/www.egce.universite-paris-saclay.fr\/index.php?rest_route=%2Fwp%2Fv2%2Fcomments&post=18660"}],"version-history":[{"count":4,"href":"https:\/\/www.egce.universite-paris-saclay.fr\/index.php?rest_route=\/wp\/v2\/pages\/18660\/revisions"}],"predecessor-version":[{"id":20778,"href":"https:\/\/www.egce.universite-paris-saclay.fr\/index.php?rest_route=\/wp\/v2\/pages\/18660\/revisions\/20778"}],"wp:attachment":[{"href":"https:\/\/www.egce.universite-paris-saclay.fr\/index.php?rest_route=%2Fwp%2Fv2%2Fmedia&parent=18660"}],"curies":[{"name":"wp","href":"https:\/\/api.w.org\/{rel}","templated":true}]}}