{"id":176,"date":"2023-10-14T11:59:05","date_gmt":"2023-10-14T09:59:05","guid":{"rendered":"https:\/\/www.egce.universite-paris-saclay.fr\/?page_id=176"},"modified":"2024-06-25T14:23:18","modified_gmt":"2024-06-25T12:23:18","slug":"informatique","status":"publish","type":"page","link":"https:\/\/www.egce.universite-paris-saclay.fr\/?page_id=176","title":{"rendered":"Service informatique"},"content":{"rendered":"\n<p>Le service informatique du laboratoire E.G.C.E. est g\u00e9r\u00e9 par <a href=\"\/?p=724\">Jean-Bernard Emond<\/a> et occasionnellement, il peut \u00eatre aid\u00e9 par <a href=\"\/?p=1223\">David Ogereau<\/a>.<\/p>\n\n\n\n<p>L&rsquo;informatique du laboratoire \u00e9volue en permanence&#8230;<\/p>\n\n\n\n<h2 class=\"wp-block-heading\"><strong>Depuis 2022<\/strong><\/h2>\n\n\n\n<p>Le laboratoire est l&rsquo;un des trois membres fondateurs de l&rsquo;IDEEV et a emm\u00e9nag\u00e9 dans ses nouveaux locaux en f\u00e9vrier 2022. Nous disposons d\u00e9sormais d&rsquo;une v\u00e9ritable salle des serveurs, parmi d&rsquo;autres nouvelles installations.<\/p>\n\n\n\n<figure class=\"wp-block-image size-large\"><img loading=\"lazy\" decoding=\"async\" width=\"1024\" height=\"519\" src=\"https:\/\/www.egce.universite-paris-saclay.fr\/wp-content\/uploads\/2024\/06\/340361209_923453435376230_4999950740110871484_n-1024x519.jpg\" alt=\"La salle des serveurs de l'IDEEV en 2022.\" class=\"wp-image-19301\" srcset=\"https:\/\/www.egce.universite-paris-saclay.fr\/wp-content\/uploads\/2024\/06\/340361209_923453435376230_4999950740110871484_n-1024x519.jpg 1024w, https:\/\/www.egce.universite-paris-saclay.fr\/wp-content\/uploads\/2024\/06\/340361209_923453435376230_4999950740110871484_n-300x152.jpg 300w, https:\/\/www.egce.universite-paris-saclay.fr\/wp-content\/uploads\/2024\/06\/340361209_923453435376230_4999950740110871484_n-768x389.jpg 768w, https:\/\/www.egce.universite-paris-saclay.fr\/wp-content\/uploads\/2024\/06\/340361209_923453435376230_4999950740110871484_n-1536x778.jpg 1536w, https:\/\/www.egce.universite-paris-saclay.fr\/wp-content\/uploads\/2024\/06\/340361209_923453435376230_4999950740110871484_n-200x101.jpg 200w, https:\/\/www.egce.universite-paris-saclay.fr\/wp-content\/uploads\/2024\/06\/340361209_923453435376230_4999950740110871484_n.jpg 1920w\" sizes=\"auto, (max-width: 1024px) 100vw, 1024px\" \/><figcaption class=\"wp-element-caption\">Une partie des baies dans la salle des serveurs de l&rsquo;IDEEV en 2022.<\/figcaption><\/figure>\n\n\n\n<p>L&rsquo;informatique du laboratoire a connu une \u00e9volution consid\u00e9rable depuis le d\u00e9but des ann\u00e9es 2000. Aujourd&rsquo;hui, le service est \u00e9quip\u00e9 de machines de calcul tr\u00e8s performantes(DELL, HPE), comprenant plusieurs centaines de c\u0153urs CPU, plusieurs milliers de c\u0153urs CUDA et plusieurs To de RAM. De plus, le laboratoire dispose d&rsquo;une capacit\u00e9 de stockage distribu\u00e9e de type CEPH, d\u00e9passant 1,5 Po, ainsi que de plusieurs anciennes baies NAS et SAN totalisant environ 300 To de capacit\u00e9.<\/p>\n\n\n\n<p>Notre r\u00e9seau est organis\u00e9 en VLAN \u00e0 travers tous les b\u00e2timents, avec des connexions pouvant atteindre 10 Gb\/s et une couverture Wifi en 802.11ad. Le parc des machines comprend principalement l&rsquo;architecture mat\u00e9rielle X86, avec une adoption croissante de plates-formes ARM et d\u00e9riv\u00e9es. Les syst\u00e8mes d&rsquo;exploitation utilis\u00e9s sont principalement Linux (Debian, Ubuntu, Mint, Scientific Linux), ainsi que Windows (7, 8, 10, 11) et Mac OS (de la version 10.9 \u00e0 la 14.5).<\/p>\n\n\n\n<p>Depuis le d\u00e9m\u00e9nagement, nous utilisons les services de la DSI de l&rsquo;Universit\u00e9 Paris-Saclay pour la messagerie, l&rsquo;antispam et le webmail, ainsi que divers autres services disponibles en direct ou via VPN. Nous continuons d&rsquo;h\u00e9berger nos serveurs Web, nos services de partage de fichiers (cloud), ainsi que certains serveurs d\u00e9di\u00e9s \u00e0 des applications hors de la France.<\/p>\n\n\n\n<p>Le parc de copieurs\/imprimantes laser couleur A4\/A3 a \u00e9t\u00e9 rationalis\u00e9. Lors du d\u00e9m\u00e9nagement, nous avons b\u00e9n\u00e9fici\u00e9 d&rsquo;un march\u00e9 INRAe bas\u00e9 sur des machines Kyocera. Notre parc et la gestion des impressions via CUPS sont communs avec le laboratoire GQE Le Moulon.<\/p>\n\n\n\n<h2 class=\"wp-block-heading\"><strong>Avant 2022<\/strong><\/h2>\n\n\n\n<p>Les services externes (frontal de messagerie, antispam, webmail, web et \u00e9change de fichiers) ont \u00e9t\u00e9 rapatri\u00e9s progressivement au laboratoire au cours des derni\u00e8res ann\u00e9es en raison de l&rsquo;abandon progressif du support et des services aux laboratoires du CNRS par notre D\u00e9l\u00e9gation R\u00e9gionale.<\/p>\n\n\n\n<figure class=\"wp-block-image alignnone wp-image-4506 size-large\"><img loading=\"lazy\" decoding=\"async\" width=\"1024\" height=\"683\" src=\"https:\/\/www.egce.universite-paris-saclay.fr\/wp-content\/uploads\/2013\/11\/P1010818-1024x683.jpg\" alt=\"La salle machines principale du laboratoire vers 2012.\" class=\"wp-image-4506\" srcset=\"https:\/\/www.egce.universite-paris-saclay.fr\/wp-content\/uploads\/2013\/11\/P1010818-1024x683.jpg 1024w, https:\/\/www.egce.universite-paris-saclay.fr\/wp-content\/uploads\/2013\/11\/P1010818-300x200.jpg 300w, https:\/\/www.egce.universite-paris-saclay.fr\/wp-content\/uploads\/2013\/11\/P1010818-768x513.jpg 768w, https:\/\/www.egce.universite-paris-saclay.fr\/wp-content\/uploads\/2013\/11\/P1010818-1536x1025.jpg 1536w, https:\/\/www.egce.universite-paris-saclay.fr\/wp-content\/uploads\/2013\/11\/P1010818-2048x1367.jpg 2048w\" sizes=\"auto, (max-width: 1024px) 100vw, 1024px\" \/><figcaption class=\"wp-element-caption\">La salle machines principale du laboratoire vers 2012.<\/figcaption><\/figure>\n\n\n\n<h2 class=\"wp-block-heading\"><strong>Avant 2005<\/strong><\/h2>\n\n\n\n<p>L&rsquo;informatique n&rsquo;\u00e9tait pas une priorit\u00e9, et ceux qui avaient r\u00e9ellement besoin de simulations et de traitements faisaient appel aux services d&rsquo;autres laboratoires (Universit\u00e9, INRA, \u2026).<\/p>\n\n\n\n<p>Pour vous donner une id\u00e9e de l&rsquo;importance accord\u00e9e \u00e0 l&rsquo;informatique \u00e0 mon arriv\u00e9e dans le laboratoire (en 2004 PGE), qui a connu plusieurs changements de nom : BGE > PGE > LEGS > EGCE. \u00c0 cette \u00e9poque, nous disposions de deux machines de chez Transtec : Quasar, un bi-xeon utilis\u00e9 pour les calculs, et Shyrka, un bi-PIII servant de serveur principal pour le laboratoire (DNS, DHCP, impression, mail, liste de diffusion, partage SAMBA et NFS, etc.). Ces deux machines \u00e9taient install\u00e9es dans une remise sous un escalier, qui \u00e9tait sale et humide, et r\u00e9guli\u00e8rement visit\u00e9e par de grosses blattes africaines !!!<\/p>\n","protected":false},"excerpt":{"rendered":"<p>Le service informatique du laboratoire E.G.C.E. est g\u00e9r\u00e9 par Jean-Bernard Emond et occasionnellement, il peut \u00eatre aid\u00e9 par David Ogereau. L&rsquo;informatique du laboratoire \u00e9volue en permanence&#8230; Depuis 2022 Le laboratoire est l&rsquo;un des trois membres fondateurs de l&rsquo;IDEEV et a emm\u00e9nag\u00e9 dans ses nouveaux locaux en f\u00e9vrier 2022. Nous disposons d\u00e9sormais d&rsquo;une v\u00e9ritable salle des [&hellip;]<\/p>\n","protected":false},"author":2,"featured_media":0,"parent":65,"menu_order":150,"comment_status":"closed","ping_status":"open","template":"","meta":{"site-sidebar-layout":"default","site-content-layout":"","ast-site-content-layout":"default","site-content-style":"default","site-sidebar-style":"default","ast-global-header-display":"","ast-banner-title-visibility":"","ast-main-header-display":"","ast-hfb-above-header-display":"","ast-hfb-below-header-display":"","ast-hfb-mobile-header-display":"","site-post-title":"","ast-breadcrumbs-content":"","ast-featured-img":"","footer-sml-layout":"","ast-disable-related-posts":"","theme-transparent-header-meta":"","adv-header-id-meta":"","stick-header-meta":"","header-above-stick-meta":"","header-main-stick-meta":"","header-below-stick-meta":"","astra-migrate-meta-layouts":"set","ast-page-background-enabled":"default","ast-page-background-meta":{"desktop":{"background-color":"var(--ast-global-color-4)","background-image":"","background-repeat":"repeat","background-position":"center center","background-size":"auto","background-attachment":"scroll","background-type":"","background-media":"","overlay-type":"","overlay-color":"","overlay-opacity":"","overlay-gradient":""},"tablet":{"background-color":"","background-image":"","background-repeat":"repeat","background-position":"center center","background-size":"auto","background-attachment":"scroll","background-type":"","background-media":"","overlay-type":"","overlay-color":"","overlay-opacity":"","overlay-gradient":""},"mobile":{"background-color":"","background-image":"","background-repeat":"repeat","background-position":"center center","background-size":"auto","background-attachment":"scroll","background-type":"","background-media":"","overlay-type":"","overlay-color":"","overlay-opacity":"","overlay-gradient":""}},"ast-content-background-meta":{"desktop":{"background-color":"var(--ast-global-color-5)","background-image":"","background-repeat":"repeat","background-position":"center center","background-size":"auto","background-attachment":"scroll","background-type":"","background-media":"","overlay-type":"","overlay-color":"","overlay-opacity":"","overlay-gradient":""},"tablet":{"background-color":"var(--ast-global-color-5)","background-image":"","background-repeat":"repeat","background-position":"center center","background-size":"auto","background-attachment":"scroll","background-type":"","background-media":"","overlay-type":"","overlay-color":"","overlay-opacity":"","overlay-gradient":""},"mobile":{"background-color":"var(--ast-global-color-5)","background-image":"","background-repeat":"repeat","background-position":"center center","background-size":"auto","background-attachment":"scroll","background-type":"","background-media":"","overlay-type":"","overlay-color":"","overlay-opacity":"","overlay-gradient":""}},"_themeisle_gutenberg_block_has_review":false,"footnotes":""},"class_list":["post-176","page","type-page","status-publish","hentry"],"jetpack_sharing_enabled":true,"_links":{"self":[{"href":"https:\/\/www.egce.universite-paris-saclay.fr\/index.php?rest_route=\/wp\/v2\/pages\/176","targetHints":{"allow":["GET"]}}],"collection":[{"href":"https:\/\/www.egce.universite-paris-saclay.fr\/index.php?rest_route=\/wp\/v2\/pages"}],"about":[{"href":"https:\/\/www.egce.universite-paris-saclay.fr\/index.php?rest_route=\/wp\/v2\/types\/page"}],"author":[{"embeddable":true,"href":"https:\/\/www.egce.universite-paris-saclay.fr\/index.php?rest_route=\/wp\/v2\/users\/2"}],"replies":[{"embeddable":true,"href":"https:\/\/www.egce.universite-paris-saclay.fr\/index.php?rest_route=%2Fwp%2Fv2%2Fcomments&post=176"}],"version-history":[{"count":11,"href":"https:\/\/www.egce.universite-paris-saclay.fr\/index.php?rest_route=\/wp\/v2\/pages\/176\/revisions"}],"predecessor-version":[{"id":19305,"href":"https:\/\/www.egce.universite-paris-saclay.fr\/index.php?rest_route=\/wp\/v2\/pages\/176\/revisions\/19305"}],"up":[{"embeddable":true,"href":"https:\/\/www.egce.universite-paris-saclay.fr\/index.php?rest_route=\/wp\/v2\/pages\/65"}],"wp:attachment":[{"href":"https:\/\/www.egce.universite-paris-saclay.fr\/index.php?rest_route=%2Fwp%2Fv2%2Fmedia&parent=176"}],"curies":[{"name":"wp","href":"https:\/\/api.w.org\/{rel}","templated":true}]}}