{"id":168,"date":"2013-11-21T15:00:45","date_gmt":"2013-11-21T14:00:45","guid":{"rendered":"https:\/\/www.egce.universite-paris-saclay.fr\/?page_id=168"},"modified":"2026-04-02T23:54:50","modified_gmt":"2026-04-02T21:54:50","slug":"doctorat-2","status":"publish","type":"page","link":"https:\/\/www.egce.universite-paris-saclay.fr\/?page_id=168","title":{"rendered":"Doctorat FR"},"content":{"rendered":"\n<h1 class=\"wp-block-heading has-text-align-center\">Doctorat<br>\u2014<\/h1>\n\n\n\n<h2 id=\"wp-block-themeisle-blocks-advanced-heading-449bb9ee\" class=\"wp-block-themeisle-blocks-advanced-heading wp-block-themeisle-blocks-advanced-heading-449bb9ee\">Le laboratoire est rattach\u00e9 \u00e0 quatre \u00e9coles doctorales de l\u2019Universit\u00e9 Paris Saclay, du Mus\u00e9um national d\u2019histoire naturelle et d\u2019AgroParisTech. Ce sont:<\/h2>\n\n\n\n<p><strong>SDSV<\/strong><br>Structure et Dynamique des syst\u00e8mes vivants.\u00a0 <br>Direction : Florence Gonnet<br><a href=\"https:\/\/www.universite-paris-saclay.fr\/ecoles-doctorales\/structure-et-dynamique-des-systemes-vivants-sdsv\">Site web de l&rsquo;ED SDSV-GGC<\/a><br><br><strong>SEVE-Science du v\u00e9g\u00e9tal<\/strong><br>Science du v\u00e9g\u00e9tal. <br>Direction : Marianne Delarue<br><a href=\"https:\/\/www.universite-paris-saclay.fr\/ecoles-doctorales\/sciences-du-vegetal-du-gene-lecosysteme-seve\">Site web de l\u2019ED Science du v\u00e9g\u00e9tal<\/a><br><br><strong>ABIES<\/strong><br>Agriculture, Alimentation, Biologie, Environnement, Sant\u00e9. <br>Direction : Alexandre P\u00e9ry<br><a href=\"https:\/\/www.universite-paris-saclay.fr\/ecoles-doctorales\/agriculture-alimentation-biologie-environnement-et-sante-abies\">Site web de l\u2019ED ABIES<\/a><br><br><strong>ED 227<\/strong><br>Science de la Nature et de l\u2019Homme: \u00e9volution et \u00e9cologie. <br>Direction : N. Machon<br><a href=\"https:\/\/formation.mnhn.fr\/doctorat\/ecole-doctorale-227-2634\">Site web de l\u2019ED 227<\/a><br><br><br><\/p>\n","protected":false},"excerpt":{"rendered":"<p>Doctorat\u2014 SDSVStructure et Dynamique des syst\u00e8mes vivants.\u00a0 Direction : Florence GonnetSite web de l&rsquo;ED SDSV-GGC SEVE-Science du v\u00e9g\u00e9talScience du v\u00e9g\u00e9tal. Direction : Marianne DelarueSite web de l\u2019ED Science du v\u00e9g\u00e9tal ABIESAgriculture, Alimentation, Biologie, Environnement, Sant\u00e9. Direction : Alexandre P\u00e9rySite web de l\u2019ED ABIES ED 227Science de la Nature et de l\u2019Homme: \u00e9volution et \u00e9cologie. Direction [&hellip;]<\/p>\n","protected":false},"author":1,"featured_media":0,"parent":99,"menu_order":3,"comment_status":"closed","ping_status":"open","template":"","meta":{"site-sidebar-layout":"default","site-content-layout":"","ast-site-content-layout":"default","site-content-style":"default","site-sidebar-style":"default","ast-global-header-display":"","ast-banner-title-visibility":"","ast-main-header-display":"","ast-hfb-above-header-display":"","ast-hfb-below-header-display":"","ast-hfb-mobile-header-display":"","site-post-title":"","ast-breadcrumbs-content":"","ast-featured-img":"","footer-sml-layout":"","ast-disable-related-posts":"","theme-transparent-header-meta":"","adv-header-id-meta":"","stick-header-meta":"","header-above-stick-meta":"","header-main-stick-meta":"","header-below-stick-meta":"","astra-migrate-meta-layouts":"set","ast-page-background-enabled":"default","ast-page-background-meta":{"desktop":{"background-color":"var(--ast-global-color-4)","background-image":"","background-repeat":"repeat","background-position":"center center","background-size":"auto","background-attachment":"scroll","background-type":"","background-media":"","overlay-type":"","overlay-color":"","overlay-opacity":"","overlay-gradient":""},"tablet":{"background-color":"","background-image":"","background-repeat":"repeat","background-position":"center center","background-size":"auto","background-attachment":"scroll","background-type":"","background-media":"","overlay-type":"","overlay-color":"","overlay-opacity":"","overlay-gradient":""},"mobile":{"background-color":"","background-image":"","background-repeat":"repeat","background-position":"center center","background-size":"auto","background-attachment":"scroll","background-type":"","background-media":"","overlay-type":"","overlay-color":"","overlay-opacity":"","overlay-gradient":""}},"ast-content-background-meta":{"desktop":{"background-color":"var(--ast-global-color-5)","background-image":"","background-repeat":"repeat","background-position":"center center","background-size":"auto","background-attachment":"scroll","background-type":"","background-media":"","overlay-type":"","overlay-color":"","overlay-opacity":"","overlay-gradient":""},"tablet":{"background-color":"var(--ast-global-color-5)","background-image":"","background-repeat":"repeat","background-position":"center center","background-size":"auto","background-attachment":"scroll","background-type":"","background-media":"","overlay-type":"","overlay-color":"","overlay-opacity":"","overlay-gradient":""},"mobile":{"background-color":"var(--ast-global-color-5)","background-image":"","background-repeat":"repeat","background-position":"center center","background-size":"auto","background-attachment":"scroll","background-type":"","background-media":"","overlay-type":"","overlay-color":"","overlay-opacity":"","overlay-gradient":""}},"_themeisle_gutenberg_block_has_review":false,"footnotes":""},"class_list":["post-168","page","type-page","status-publish","hentry"],"jetpack_sharing_enabled":true,"_links":{"self":[{"href":"https:\/\/www.egce.universite-paris-saclay.fr\/index.php?rest_route=\/wp\/v2\/pages\/168","targetHints":{"allow":["GET"]}}],"collection":[{"href":"https:\/\/www.egce.universite-paris-saclay.fr\/index.php?rest_route=\/wp\/v2\/pages"}],"about":[{"href":"https:\/\/www.egce.universite-paris-saclay.fr\/index.php?rest_route=\/wp\/v2\/types\/page"}],"author":[{"embeddable":true,"href":"https:\/\/www.egce.universite-paris-saclay.fr\/index.php?rest_route=\/wp\/v2\/users\/1"}],"replies":[{"embeddable":true,"href":"https:\/\/www.egce.universite-paris-saclay.fr\/index.php?rest_route=%2Fwp%2Fv2%2Fcomments&post=168"}],"version-history":[{"count":6,"href":"https:\/\/www.egce.universite-paris-saclay.fr\/index.php?rest_route=\/wp\/v2\/pages\/168\/revisions"}],"predecessor-version":[{"id":21773,"href":"https:\/\/www.egce.universite-paris-saclay.fr\/index.php?rest_route=\/wp\/v2\/pages\/168\/revisions\/21773"}],"up":[{"embeddable":true,"href":"https:\/\/www.egce.universite-paris-saclay.fr\/index.php?rest_route=\/wp\/v2\/pages\/99"}],"wp:attachment":[{"href":"https:\/\/www.egce.universite-paris-saclay.fr\/index.php?rest_route=%2Fwp%2Fv2%2Fmedia&parent=168"}],"curies":[{"name":"wp","href":"https:\/\/api.w.org\/{rel}","templated":true}]}}