{"id":1060,"date":"2014-03-19T15:35:24","date_gmt":"2014-03-19T14:35:24","guid":{"rendered":"https:\/\/www.egce.universite-paris-saclay.fr\/?page_id=1060"},"modified":"2014-03-19T15:35:24","modified_gmt":"2014-03-19T14:35:24","slug":"management","status":"publish","type":"page","link":"https:\/\/www.egce.universite-paris-saclay.fr\/?page_id=1060&lang=en","title":{"rendered":"Management"},"content":{"rendered":"<p><strong>Head of the laboratory<\/strong><\/p>\n<fieldset>\n<ul>\n<li><a href=\"https:\/\/www.egce.universite-paris-saclay.fr\/?p=1338\">Laure Kaiser-Arnauld<\/a><\/li>\n<li><a href=\"https:\/\/www.egce.universite-paris-saclay.fr\/?p=920\">Jean-Christophe Sandoz<\/a><\/li>\n<\/ul>\n<\/fieldset>\n<fieldset><strong>Administration<\/strong><\/p>\n<ul>\n<li><a href=\"https:\/\/www.egce.universite-paris-saclay.fr\/?p=11874(opens in a new tab)\" data-wplink-url-error=\"true\">Val\u00e9rie Fouchier<\/a><\/li>\n<li><a href=\"https:\/\/www.egce.universite-paris-saclay.fr\/?p=632\">Magalie Bonneau<\/a><\/li>\n<li><a href=\"https:\/\/www.egce.universite-paris-saclay.fr\/?p=1254\">Isabelle Di Cara<\/a><\/li>\n<\/ul>\n<\/fieldset>\n<p><strong>Communication<\/strong><\/p>\n<fieldset>\n<ul>\n<li><a href=\"https:\/\/www.egce.universite-paris-saclay.fr\/?p=896\">Sylvie Salamitou<\/a><\/li>\n<\/ul>\n<\/fieldset>\n<p><strong>\u00a0<\/strong><\/p>\n<fieldset><\/fieldset>\n<fieldset><strong>Address <\/strong>Laboratoire Evolution, G\u00e9nomes, Comportement, Ecologie<br \/>\nCNRS Universit\u00e9 Paris-Saclay UMR 9191, IRD UMR 247<br \/>\n12 Route 128<\/fieldset>\n<fieldset>91190 Gif-sur-Yvette<br \/>\nFrance<\/fieldset>\n<fieldset>T\u00e9l. : +33 (0)1 69 15 49 81 et +33 (0)1 69 15 49 49<br \/>\nInternet : <a href=\"https:\/\/www.egce.universite-paris-saclay.fr\" target=\"blank\" rel=\"noopener noreferrer\">https:\/\/www.egce.universite-paris-saclay.fr<\/a><\/fieldset>\n","protected":false},"excerpt":{"rendered":"<p>Head of the laboratory Laure Kaiser-Arnauld Jean-Christophe Sandoz Administration Val\u00e9rie Fouchier Magalie Bonneau Isabelle Di Cara Communication Sylvie Salamitou \u00a0 Address Laboratoire Evolution, G\u00e9nomes, Comportement, Ecologie CNRS Universit\u00e9 Paris-Saclay UMR 9191, IRD UMR 247 12 Route 128 91190 Gif-sur-Yvette France T\u00e9l. : +33 (0)1 69 15 49 81 et +33 (0)1 69 15 49 49 [&hellip;]<\/p>\n","protected":false},"author":1,"featured_media":0,"parent":1090,"menu_order":0,"comment_status":"closed","ping_status":"closed","template":"","meta":{"site-sidebar-layout":"default","site-content-layout":"","ast-site-content-layout":"default","site-content-style":"default","site-sidebar-style":"default","ast-global-header-display":"","ast-banner-title-visibility":"","ast-main-header-display":"","ast-hfb-above-header-display":"","ast-hfb-below-header-display":"","ast-hfb-mobile-header-display":"","site-post-title":"","ast-breadcrumbs-content":"","ast-featured-img":"","footer-sml-layout":"","ast-disable-related-posts":"","theme-transparent-header-meta":"","adv-header-id-meta":"","stick-header-meta":"","header-above-stick-meta":"","header-main-stick-meta":"","header-below-stick-meta":"","astra-migrate-meta-layouts":"default","ast-page-background-enabled":"default","ast-page-background-meta":{"desktop":{"background-color":"var(--ast-global-color-4)","background-image":"","background-repeat":"repeat","background-position":"center center","background-size":"auto","background-attachment":"scroll","background-type":"","background-media":"","overlay-type":"","overlay-color":"","overlay-opacity":"","overlay-gradient":""},"tablet":{"background-color":"","background-image":"","background-repeat":"repeat","background-position":"center center","background-size":"auto","background-attachment":"scroll","background-type":"","background-media":"","overlay-type":"","overlay-color":"","overlay-opacity":"","overlay-gradient":""},"mobile":{"background-color":"","background-image":"","background-repeat":"repeat","background-position":"center center","background-size":"auto","background-attachment":"scroll","background-type":"","background-media":"","overlay-type":"","overlay-color":"","overlay-opacity":"","overlay-gradient":""}},"ast-content-background-meta":{"desktop":{"background-color":"var(--ast-global-color-5)","background-image":"","background-repeat":"repeat","background-position":"center center","background-size":"auto","background-attachment":"scroll","background-type":"","background-media":"","overlay-type":"","overlay-color":"","overlay-opacity":"","overlay-gradient":""},"tablet":{"background-color":"var(--ast-global-color-5)","background-image":"","background-repeat":"repeat","background-position":"center center","background-size":"auto","background-attachment":"scroll","background-type":"","background-media":"","overlay-type":"","overlay-color":"","overlay-opacity":"","overlay-gradient":""},"mobile":{"background-color":"var(--ast-global-color-5)","background-image":"","background-repeat":"repeat","background-position":"center center","background-size":"auto","background-attachment":"scroll","background-type":"","background-media":"","overlay-type":"","overlay-color":"","overlay-opacity":"","overlay-gradient":""}},"_themeisle_gutenberg_block_has_review":false,"footnotes":""},"class_list":["post-1060","page","type-page","status-publish","hentry"],"jetpack_sharing_enabled":true,"_links":{"self":[{"href":"https:\/\/www.egce.universite-paris-saclay.fr\/index.php?rest_route=\/wp\/v2\/pages\/1060","targetHints":{"allow":["GET"]}}],"collection":[{"href":"https:\/\/www.egce.universite-paris-saclay.fr\/index.php?rest_route=\/wp\/v2\/pages"}],"about":[{"href":"https:\/\/www.egce.universite-paris-saclay.fr\/index.php?rest_route=\/wp\/v2\/types\/page"}],"author":[{"embeddable":true,"href":"https:\/\/www.egce.universite-paris-saclay.fr\/index.php?rest_route=\/wp\/v2\/users\/1"}],"replies":[{"embeddable":true,"href":"https:\/\/www.egce.universite-paris-saclay.fr\/index.php?rest_route=%2Fwp%2Fv2%2Fcomments&post=1060"}],"version-history":[{"count":0,"href":"https:\/\/www.egce.universite-paris-saclay.fr\/index.php?rest_route=\/wp\/v2\/pages\/1060\/revisions"}],"up":[{"embeddable":true,"href":"https:\/\/www.egce.universite-paris-saclay.fr\/index.php?rest_route=\/wp\/v2\/pages\/1090"}],"wp:attachment":[{"href":"https:\/\/www.egce.universite-paris-saclay.fr\/index.php?rest_route=%2Fwp%2Fv2%2Fmedia&parent=1060"}],"curies":[{"name":"wp","href":"https:\/\/api.w.org\/{rel}","templated":true}]}}