{"id":101,"date":"2013-11-20T14:51:30","date_gmt":"2013-11-20T13:51:30","guid":{"rendered":"https:\/\/www.egce.universite-paris-saclay.fr\/?page_id=101"},"modified":"2026-04-02T23:56:51","modified_gmt":"2026-04-02T21:56:51","slug":"licence","status":"publish","type":"page","link":"https:\/\/www.egce.universite-paris-saclay.fr\/?page_id=101","title":{"rendered":"Licence"},"content":{"rendered":"\n<h1 class=\"wp-block-heading has-text-align-center\">Licence<br>\u2014<\/h1>\n\n\n\n<h2 id=\"wp-block-themeisle-blocks-advanced-heading-c6180363\" class=\"wp-block-themeisle-blocks-advanced-heading wp-block-themeisle-blocks-advanced-heading-c6180363\">Les enseignements dans lesquels <br>interviennent des membres de EGCE sont les suivants:<\/h2>\n\n\n\n<h2 class=\"wp-block-heading\"><a href=\"http:\/\/www.u-psud.fr\/\">Universit\u00e9 Paris Saclay<\/a><\/h2>\n\n\n\n<blockquote class=\"wp-block-quote is-layout-flow wp-block-quote-is-layout-flow\">\n<p><strong>Licence Science de la vie, Licences double dipl\u00f4me (LDD) Chimie-Sciences de la Vie, LDD Math\u00e9matiques-Sciences de la vie :<\/strong><\/p>\n\n\n\n<p>\u2014 L1 Unit\u00e9, \u00e9volution et diversit\u00e9 du vivant<br>\u2014 L1 De la mol\u00e9cule \u00e0 l\u2019organisme<\/p>\n\n\n\n<p>\u2014 L1 Diversit\u00e9 et chimie du vivant<\/p>\n\n\n\n<p>\u2014 L1 M\u00e9thodologie scientifique<\/p>\n\n\n\n<p>&#8211; L1 La biologie dans notre quotidien<\/p>\n<\/blockquote>\n\n\n\n<blockquote class=\"wp-block-quote is-layout-flow wp-block-quote-is-layout-flow\">\n<p>\u2014 L2 Evolution biologique et \u00e9cologie: de l\u2019organisme aux \u00e9cosyst\u00e8mes<\/p>\n\n\n\n<p>\u2014 L2 Des insectes et des hommes<\/p>\n\n\n\n<p>-L2 Informatique pour la biologie<\/p>\n\n\n\n<p>-L2 \u00c9cologie et Statistiques<\/p>\n\n\n\n<p>-L2 G\u00e9n\u00e9tique et Biologie Mol\u00e9culaire<\/p>\n\n\n\n<p>-L2 \u00c9cologie des populations et des communaut\u00e9s<\/p>\n\n\n\n<p>-L2 Stage de terrain en Auvergne<\/p>\n<\/blockquote>\n\n\n\n<blockquote class=\"wp-block-quote is-layout-flow wp-block-quote-is-layout-flow\">\n<p>\u2014 L3 G\u00e9n\u00e9tique des populations et quantitative<br><br>\u2014 L3 G\u00e9n\u00e9tique des populations<br><br>\u2014 L3 Biologie \u00e9volutive<br><br>\u2014 L3 Organisation et diversit\u00e9 des m\u00e9tazoaires<\/p>\n\n\n\n<p>-L3 Utilisation et applications de la bio-informatique en sciences du vivant<\/p>\n<\/blockquote>\n\n\n\n<p><strong>Licence Biologie, Chimie, Science de la Terre<\/strong><\/p>\n\n\n\n<p>L1: Unit\u00e9, Diversit\u00e9, \u00c9volution du vivant<\/p>\n\n\n\n<p><strong>Licence Professionnelle <strong>Bio-industries et <\/strong>Biotechnologies<\/strong><\/p>\n\n\n\n<h2 class=\"wp-block-heading\"><a href=\"http:\/\/www.univ-paris-diderot.fr\/\">Universit\u00e9 de Paris-Cit\u00e9<\/a><\/h2>\n\n\n\n<p><strong>Licence Sciences de la vie<\/strong><\/p>\n\n\n\n<p>L1: D\u00e9veloppement animal et v\u00e9g\u00e9tal<\/p>\n\n\n\n<p>L1, L2: Pal\u00e9ontologie, \u00e0 la crois\u00e9e de la biologie et de la g\u00e9ologie<\/p>\n\n\n\n<p>L2: Biodiversit\u00e9 marine en zone intertidale (stage de terrain)<\/p>\n\n\n\n<p><strong>Licence Sciences de la Vie et de la Terre<\/strong><br>L1 : D\u00e9veloppement animal et v\u00e9g\u00e9tal&nbsp; <\/p>\n\n\n\n<p>L1, L2: Pal\u00e9ontologie, \u00e0 la crois\u00e9e de la biologie et de la g\u00e9ologie<\/p>\n\n\n\n<p>L2: Diversit\u00e9 du d\u00e9veloppement des esp\u00e8ces mod\u00e8les animales (CM, TP)<br>R\u00e9g\u00e9n\u00e9rer ou la q\u00eate du Graal<\/p>\n\n\n\n<p>L3:  Interface \u00e9cologie, d\u00e9veloppement et \u00e9volution des animaux<br>&nbsp;&nbsp;&nbsp;&nbsp; Ecologie \u00e9volutive et dynamique de la biodiversit\u00e9<\/p>\n\n\n\n<p>L3: Biodiversit\u00e9 marine en zone intertidale (stage de terrain)<\/p>\n\n\n\n<p>L3 : Interface Ecologie, d\u00e9veloppement et \u00e9volution des animaux<\/p>\n\n\n\n<p><br><br><strong>Magist\u00e8re Europ\u00e9en de G\u00e9n\u00e9tique<\/strong><br>&nbsp; L3:<br>&nbsp;&nbsp;&nbsp;&nbsp;&nbsp; Phylog\u00e9nie et \u00e9volution mol\u00e9culaire<br><\/p>\n\n\n\n<h2 class=\"wp-block-heading\"><a href=\"http:\/\/www.uvsq.fr\/\">Universit\u00e9 Versailles Saint Quentin<\/a><\/h2>\n\n\n\n<p><strong>Parcours Biodiversit\u00e9 et Science de la vie et de la Terre<\/strong><\/p>\n\n\n\n<p><\/p>\n\n\n\n<p><br><\/p>\n\n\n\n<p><br><\/p>\n","protected":false},"excerpt":{"rendered":"<p>Licence\u2014 Universit\u00e9 Paris Saclay Licence Science de la vie, Licences double dipl\u00f4me (LDD) Chimie-Sciences de la Vie, LDD Math\u00e9matiques-Sciences de la vie : \u2014 L1 Unit\u00e9, \u00e9volution et diversit\u00e9 du vivant\u2014 L1 De la mol\u00e9cule \u00e0 l\u2019organisme \u2014 L1 Diversit\u00e9 et chimie du vivant \u2014 L1 M\u00e9thodologie scientifique &#8211; L1 La biologie dans notre quotidien [&hellip;]<\/p>\n","protected":false},"author":1,"featured_media":0,"parent":99,"menu_order":0,"comment_status":"closed","ping_status":"open","template":"","meta":{"site-sidebar-layout":"default","site-content-layout":"","ast-site-content-layout":"default","site-content-style":"default","site-sidebar-style":"default","ast-global-header-display":"","ast-banner-title-visibility":"","ast-main-header-display":"","ast-hfb-above-header-display":"","ast-hfb-below-header-display":"","ast-hfb-mobile-header-display":"","site-post-title":"disabled","ast-breadcrumbs-content":"","ast-featured-img":"","footer-sml-layout":"","ast-disable-related-posts":"","theme-transparent-header-meta":"","adv-header-id-meta":"","stick-header-meta":"","header-above-stick-meta":"","header-main-stick-meta":"","header-below-stick-meta":"","astra-migrate-meta-layouts":"set","ast-page-background-enabled":"default","ast-page-background-meta":{"desktop":{"background-color":"var(--ast-global-color-4)","background-image":"","background-repeat":"repeat","background-position":"center center","background-size":"auto","background-attachment":"scroll","background-type":"","background-media":"","overlay-type":"","overlay-color":"","overlay-opacity":"","overlay-gradient":""},"tablet":{"background-color":"","background-image":"","background-repeat":"repeat","background-position":"center center","background-size":"auto","background-attachment":"scroll","background-type":"","background-media":"","overlay-type":"","overlay-color":"","overlay-opacity":"","overlay-gradient":""},"mobile":{"background-color":"","background-image":"","background-repeat":"repeat","background-position":"center center","background-size":"auto","background-attachment":"scroll","background-type":"","background-media":"","overlay-type":"","overlay-color":"","overlay-opacity":"","overlay-gradient":""}},"ast-content-background-meta":{"desktop":{"background-color":"var(--ast-global-color-5)","background-image":"","background-repeat":"repeat","background-position":"center center","background-size":"auto","background-attachment":"scroll","background-type":"","background-media":"","overlay-type":"","overlay-color":"","overlay-opacity":"","overlay-gradient":""},"tablet":{"background-color":"var(--ast-global-color-5)","background-image":"","background-repeat":"repeat","background-position":"center center","background-size":"auto","background-attachment":"scroll","background-type":"","background-media":"","overlay-type":"","overlay-color":"","overlay-opacity":"","overlay-gradient":""},"mobile":{"background-color":"var(--ast-global-color-5)","background-image":"","background-repeat":"repeat","background-position":"center center","background-size":"auto","background-attachment":"scroll","background-type":"","background-media":"","overlay-type":"","overlay-color":"","overlay-opacity":"","overlay-gradient":""}},"_themeisle_gutenberg_block_has_review":false,"footnotes":""},"class_list":["post-101","page","type-page","status-publish","hentry"],"jetpack_sharing_enabled":true,"_links":{"self":[{"href":"https:\/\/www.egce.universite-paris-saclay.fr\/index.php?rest_route=\/wp\/v2\/pages\/101","targetHints":{"allow":["GET"]}}],"collection":[{"href":"https:\/\/www.egce.universite-paris-saclay.fr\/index.php?rest_route=\/wp\/v2\/pages"}],"about":[{"href":"https:\/\/www.egce.universite-paris-saclay.fr\/index.php?rest_route=\/wp\/v2\/types\/page"}],"author":[{"embeddable":true,"href":"https:\/\/www.egce.universite-paris-saclay.fr\/index.php?rest_route=\/wp\/v2\/users\/1"}],"replies":[{"embeddable":true,"href":"https:\/\/www.egce.universite-paris-saclay.fr\/index.php?rest_route=%2Fwp%2Fv2%2Fcomments&post=101"}],"version-history":[{"count":24,"href":"https:\/\/www.egce.universite-paris-saclay.fr\/index.php?rest_route=\/wp\/v2\/pages\/101\/revisions"}],"predecessor-version":[{"id":21776,"href":"https:\/\/www.egce.universite-paris-saclay.fr\/index.php?rest_route=\/wp\/v2\/pages\/101\/revisions\/21776"}],"up":[{"embeddable":true,"href":"https:\/\/www.egce.universite-paris-saclay.fr\/index.php?rest_route=\/wp\/v2\/pages\/99"}],"wp:attachment":[{"href":"https:\/\/www.egce.universite-paris-saclay.fr\/index.php?rest_route=%2Fwp%2Fv2%2Fmedia&parent=101"}],"curies":[{"name":"wp","href":"https:\/\/api.w.org\/{rel}","templated":true}]}}